CRAN Package Check Results for Package pandocfilters

Last updated on 2024-07-18 10:51:16 CEST.

Flavor Version Tinstall Tcheck Ttotal Status Flags
r-devel-linux-x86_64-debian-clang 0.1-6 3.06 39.24 42.30 OK
r-devel-linux-x86_64-debian-gcc 0.1-6 2.27 29.79 32.06 OK
r-devel-linux-x86_64-fedora-clang 0.1-6 55.94 OK
r-devel-linux-x86_64-fedora-gcc 0.1-6 67.88 OK
r-devel-windows-x86_64 0.1-6 5.00 104.00 109.00 OK
r-patched-linux-x86_64 0.1-6 3.89 37.68 41.57 OK
r-release-linux-x86_64 0.1-6 2.70 36.76 39.46 OK
r-release-macos-arm64 0.1-6 43.00 OK
r-release-macos-x86_64 0.1-6 43.00 WARN
r-release-windows-x86_64 0.1-6 4.00 104.00 108.00 OK
r-oldrel-macos-arm64 0.1-6 44.00 OK
r-oldrel-macos-x86_64 0.1-6 46.00 OK
r-oldrel-windows-x86_64 0.1-6 4.00 102.00 106.00 OK

Check Details

Version: 0.1-6
Check: re-building of vignette outputs
Result: WARN Error(s) in re-building vignettes: ... --- re-building ‘pandocfilters.Rnw’ using knitr Error: processing vignette 'pandocfilters.Rnw' failed with diagnostics: Running 'texi2dvi' on 'pandocfilters.tex' failed. LaTeX errors: ! Undefined control sequence. l.87 \hlkwd{library}\hldef {(}\hlsng{"pandocfilters"}\hldef{)} ? ! Emergency stop. ! Emergency stop. l.87 End of file on the terminal! ! ==> Fatal error occurred, no output PDF file produced! --- failed re-building ‘pandocfilters.Rnw’ SUMMARY: processing the following file failed: ‘pandocfilters.Rnw’ Error: Vignette re-building failed. Execution halted Flavor: r-release-macos-x86_64