Last updated on 2022-06-29 11:52:16 CEST.
Flavor | Version | Tinstall | Tcheck | Ttotal | Status | Flags |
---|---|---|---|---|---|---|
r-devel-linux-x86_64-debian-clang | 0.0.3 | 10.25 | 86.04 | 96.29 | OK | |
r-devel-linux-x86_64-debian-gcc | 0.0.3 | 7.03 | 63.90 | 70.93 | OK | |
r-devel-linux-x86_64-fedora-clang | 0.0.3 | 119.53 | NOTE | |||
r-devel-linux-x86_64-fedora-gcc | 0.0.3 | 124.36 | NOTE | |||
r-devel-windows-x86_64 | 0.0.3 | 24.00 | 119.00 | 143.00 | OK | |
r-patched-linux-x86_64 | 0.0.3 | 9.04 | 80.89 | 89.93 | OK | |
r-release-linux-x86_64 | 0.0.3 | 9.90 | 81.27 | 91.17 | OK | |
r-release-macos-arm64 | 0.0.3 | 46.00 | NOTE | |||
r-release-macos-x86_64 | 0.0.3 | 72.00 | NOTE | |||
r-release-windows-x86_64 | 0.0.3 | 28.00 | 115.00 | 143.00 | OK | |
r-oldrel-macos-arm64 | 0.0.3 | 46.00 | NOTE | |||
r-oldrel-macos-x86_64 | 0.0.3 | 58.00 | NOTE | |||
r-oldrel-windows-ix86+x86_64 | 0.0.3 | 23.00 | 111.00 | 134.00 | OK |
Version: 0.0.3
Check: dependencies in R code
Result: NOTE
Namespaces in Imports field not imported from:
‘DT’ ‘dbplyr’ ‘downloadthis’ ‘ggExtra’ ‘htmlwidgets’ ‘methods’
‘rmarkdown’ ‘scales’
All declared Imports should be used.
Flavors: r-devel-linux-x86_64-fedora-clang, r-devel-linux-x86_64-fedora-gcc, r-release-macos-arm64, r-release-macos-x86_64, r-oldrel-macos-arm64, r-oldrel-macos-x86_64