Last updated on 2024-03-27 10:09:33 CET.
Flavor | Version | Tinstall | Tcheck | Ttotal | Status | Flags |
---|---|---|---|---|---|---|
r-devel-linux-x86_64-debian-clang | 3.4.5 | 29.03 | 458.76 | 487.79 | NOTE | |
r-devel-linux-x86_64-debian-gcc | 3.4.5 | 21.14 | 314.36 | 335.50 | NOTE | |
r-devel-linux-x86_64-fedora-clang | 3.4.5 | 555.40 | NOTE | |||
r-devel-linux-x86_64-fedora-gcc | 3.4.5 | 554.12 | NOTE | |||
r-devel-windows-x86_64 | 3.4.5 | 26.00 | 298.00 | 324.00 | NOTE | |
r-patched-linux-x86_64 | 3.4.5 | 30.32 | 431.77 | 462.09 | OK | |
r-release-linux-x86_64 | 3.4.5 | 27.86 | 435.43 | 463.29 | OK | |
r-release-macos-arm64 | 3.4.5 | 131.00 | OK | |||
r-release-macos-x86_64 | 3.4.5 | 226.00 | OK | |||
r-release-windows-x86_64 | 3.4.5 | 35.00 | 384.00 | 419.00 | OK | |
r-oldrel-macos-arm64 | 3.4.5 | 127.00 | OK | |||
r-oldrel-windows-x86_64 | 3.4.5 | 34.00 | 370.00 | 404.00 | OK |
Version: 3.4.5
Check: Rd files
Result: NOTE
checkRd: (-1) branchClasses.Rd:15: Lost braces; missing escapes or markup?
15 | \item{whichExtant}{A logical vector with length equal to number of tips in the tree. A {TRUE} value indicates
| ^
checkRd: (-1) minCharChange.Rd:134: Lost braces; missing escapes or markup?
134 | an identical name in function \code{phyDat} in package {phangorn}.
| ^
checkRd: (-1) resolveTreeChar.Rd:98: Lost braces; missing escapes or markup?
98 | an identical name in function \code{phyDat} in package {phangorn}.
| ^
checkRd: (-1) simFossilRecord.Rd:44: Lost braces
44 | since its origination time is code{D},
| ^
Flavors: r-devel-linux-x86_64-debian-clang, r-devel-linux-x86_64-debian-gcc, r-devel-linux-x86_64-fedora-clang, r-devel-linux-x86_64-fedora-gcc, r-devel-windows-x86_64