Last updated on 2025-02-01 12:48:34 CET.
Flavor | Version | Tinstall | Tcheck | Ttotal | Status | Flags |
---|---|---|---|---|---|---|
r-devel-linux-x86_64-debian-clang | 0.1.4 | 2.48 | 32.14 | 34.62 | OK | |
r-devel-linux-x86_64-debian-gcc | 0.1.4 | 1.66 | 23.32 | 24.98 | OK | |
r-devel-linux-x86_64-fedora-clang | 0.1.4 | 56.86 | OK | |||
r-devel-linux-x86_64-fedora-gcc | 0.1.4 | 53.70 | OK | |||
r-devel-windows-x86_64 | 0.1.4 | 3.00 | 52.00 | 55.00 | OK | |
r-patched-linux-x86_64 | 0.1.4 | 2.20 | 29.71 | 31.91 | NOTE | |
r-release-linux-x86_64 | 0.1.4 | 2.01 | 29.84 | 31.85 | NOTE | |
r-release-macos-arm64 | 0.1.4 | 19.00 | NOTE | |||
r-release-macos-x86_64 | 0.1.4 | 25.00 | NOTE | |||
r-release-windows-x86_64 | 0.1.4 | 3.00 | 52.00 | 55.00 | NOTE | |
r-oldrel-macos-arm64 | 0.1.4 | 20.00 | NOTE | |||
r-oldrel-macos-x86_64 | 0.1.4 | 29.00 | NOTE | |||
r-oldrel-windows-x86_64 | 0.1.4 | 3.00 | 56.00 | 59.00 | NOTE |
Version: 0.1.4
Check: LazyData
Result: NOTE
'LazyData' is specified without a 'data' directory
Flavors: r-patched-linux-x86_64, r-release-linux-x86_64, r-release-macos-arm64, r-release-macos-x86_64, r-release-windows-x86_64, r-oldrel-macos-arm64, r-oldrel-macos-x86_64, r-oldrel-windows-x86_64