Last updated on 2024-04-22 12:55:49 CEST.
Flavor | Version | Tinstall | Tcheck | Ttotal | Status | Flags |
---|---|---|---|---|---|---|
r-devel-linux-x86_64-debian-clang | 1.3.0 | 14.35 | 243.13 | 257.48 | OK | |
r-devel-linux-x86_64-debian-gcc | 1.3.0 | 10.02 | 175.01 | 185.03 | OK | |
r-devel-linux-x86_64-fedora-clang | 1.3.0 | 339.72 | NOTE | |||
r-devel-linux-x86_64-fedora-gcc | 1.3.0 | 327.69 | NOTE | |||
r-prerel-macos-arm64 | 1.3.0 | 89.00 | OK | |||
r-prerel-macos-x86_64 | 1.3.0 | 229.00 | OK | |||
r-prerel-windows-x86_64 | 1.3.0 | 13.00 | 171.00 | 184.00 | OK | |
r-patched-linux-x86_64 | 1.3.0 | 14.47 | 231.17 | 245.64 | OK | |
r-release-linux-x86_64 | 1.3.0 | 8.78 | 233.71 | 242.49 | OK | |
r-release-macos-arm64 | 1.3.0 | 101.00 | OK | |||
r-release-macos-x86_64 | 1.3.0 | 220.00 | OK | |||
r-release-windows-x86_64 | 1.3.0 | 16.00 | 218.00 | 234.00 | OK | |
r-oldrel-macos-arm64 | 1.3.0 | 90.00 | OK | |||
r-oldrel-windows-x86_64 | 1.3.0 | 17.00 | 214.00 | 231.00 | OK |
Version: 1.3.0
Check: data for non-ASCII characters
Result: NOTE
Note: found 314 marked UTF-8 strings
Flavors: r-devel-linux-x86_64-fedora-clang, r-devel-linux-x86_64-fedora-gcc