Last updated on 2024-04-19 11:56:55 CEST.
Flavor | Version | Tinstall | Tcheck | Ttotal | Status | Flags |
---|---|---|---|---|---|---|
r-devel-linux-x86_64-debian-clang | 2.1-3 | 13.42 | 204.17 | 217.59 | NOTE | |
r-devel-linux-x86_64-debian-gcc | 2.1-3 | NOTE | ||||
r-devel-linux-x86_64-fedora-clang | 2.1-3 | 269.80 | NOTE | |||
r-devel-linux-x86_64-fedora-gcc | 2.1-3 | 275.63 | NOTE | |||
r-prerel-macos-arm64 | 2.1-3 | 85.00 | NOTE | |||
r-prerel-windows-x86_64 | 2.1-3 | 15.00 | 168.00 | 183.00 | NOTE | |
r-patched-linux-x86_64 | 2.1-3 | 19.52 | 198.07 | 217.59 | NOTE | |
r-release-linux-x86_64 | 2.1-3 | 8.45 | 197.52 | 205.97 | OK | |
r-release-macos-arm64 | 2.1-3 | 73.00 | OK | |||
r-release-macos-x86_64 | 2.1-3 | 133.00 | OK | |||
r-release-windows-x86_64 | 2.1-3 | 17.00 | 210.00 | 227.00 | OK | |
r-oldrel-macos-arm64 | 2.1-3 | 70.00 | OK | |||
r-oldrel-windows-x86_64 | 2.1-3 | 17.00 | 214.00 | 231.00 | OK |
Version: 2.1-3
Check: Rd files
Result: NOTE
checkRd: (-1) jointsig.Rd:43: Lost braces in \itemize; \value handles \item{}{} directly
checkRd: (-1) jointsig.Rd:44-45: Lost braces in \itemize; \value handles \item{}{} directly
checkRd: (-1) jointsig.Rd:46-48: Lost braces in \itemize; \value handles \item{}{} directly
checkRd: (-1) jointsig.Rd:49-50: Lost braces in \itemize; \value handles \item{}{} directly
checkRd: (-1) jointsig.Rd:51-52: Lost braces in \itemize; \value handles \item{}{} directly
checkRd: (-1) jointsig.Rd:53: Lost braces in \itemize; \value handles \item{}{} directly
checkRd: (-1) obs.cor.Rd:114-118: Lost braces in \itemize; \value handles \item{}{} directly
checkRd: (-1) obs.cor.Rd:119-122: Lost braces in \itemize; \value handles \item{}{} directly
checkRd: (-1) obs.cor.Rd:123-124: Lost braces in \itemize; \value handles \item{}{} directly
checkRd: (-1) predict.agelme.Rd:25: Lost braces in \itemize; \value handles \item{}{} directly
checkRd: (-1) predict.agelme.Rd:26: Lost braces in \itemize; \value handles \item{}{} directly
checkRd: (-1) predict.agelme.Rd:27: Lost braces in \itemize; \value handles \item{}{} directly
checkRd: (-1) predict.agelme.Rd:28: Lost braces in \itemize; \value handles \item{}{} directly
checkRd: (-1) predict.agelme.Rd:29: Lost braces in \itemize; \value handles \item{}{} directly
checkRd: (-1) randomTF.Rd:97: Lost braces in \itemize; \value handles \item{}{} directly
checkRd: (-1) randomTF.Rd:98-99: Lost braces in \itemize; \value handles \item{}{} directly
checkRd: (-1) randomTF.Rd:100-103: Lost braces in \itemize; \value handles \item{}{} directly
checkRd: (-1) randomTF.Rd:104-105: Lost braces in \itemize; \value handles \item{}{} directly
checkRd: (-1) randomTF.Rd:106-107: Lost braces in \itemize; \value handles \item{}{} directly
checkRd: (-1) randomTF.Rd:108: Lost braces in \itemize; \value handles \item{}{} directly
checkRd: (-1) rne.Rd:46: Lost braces in \itemize; \value handles \item{}{} directly
checkRd: (-1) rne.Rd:47-48: Lost braces in \itemize; \value handles \item{}{} directly
Flavors: r-devel-linux-x86_64-debian-clang, r-devel-linux-x86_64-debian-gcc, r-devel-linux-x86_64-fedora-clang, r-devel-linux-x86_64-fedora-gcc, r-prerel-macos-arm64, r-prerel-windows-x86_64, r-patched-linux-x86_64