Last updated on 2024-04-19 11:56:55 CEST.
Flavor | Version | Tinstall | Tcheck | Ttotal | Status | Flags |
---|---|---|---|---|---|---|
r-devel-linux-x86_64-debian-clang | 0.4.2 | 130.34 | 157.02 | 287.36 | OK | |
r-devel-linux-x86_64-debian-gcc | 0.4.2 | OK | ||||
r-devel-linux-x86_64-fedora-clang | 0.4.2 | 390.70 | OK | |||
r-devel-linux-x86_64-fedora-gcc | 0.4.2 | 389.44 | OK | |||
r-prerel-macos-arm64 | 0.4.2 | 78.00 | NOTE | |||
r-prerel-windows-x86_64 | 0.4.2 | 99.00 | 174.00 | 273.00 | OK | |
r-patched-linux-x86_64 | 0.4.2 | 124.16 | 149.80 | 273.96 | OK | |
r-release-linux-x86_64 | 0.4.2 | 114.47 | 160.32 | 274.79 | OK | |
r-release-macos-arm64 | 0.4.2 | 106.00 | NOTE | |||
r-release-macos-x86_64 | 0.4.2 | 164.00 | NOTE | |||
r-release-windows-x86_64 | 0.4.2 | 127.00 | 200.00 | 327.00 | OK | |
r-oldrel-macos-arm64 | 0.4.2 | 96.00 | NOTE | |||
r-oldrel-windows-x86_64 | 0.4.2 | 120.00 | 198.00 | 318.00 | OK |
Version: 0.4.2
Check: installed package size
Result: NOTE
installed size is 5.4Mb
sub-directories of 1Mb or more:
libs 5.2Mb
Flavors: r-prerel-macos-arm64, r-release-macos-arm64, r-release-macos-x86_64, r-oldrel-macos-arm64