Last updated on 2024-04-18 12:52:53 CEST.
Flavor | Version | Tinstall | Tcheck | Ttotal | Status | Flags |
---|---|---|---|---|---|---|
r-devel-linux-x86_64-debian-clang | 1.15.2 | 5.16 | 238.67 | 243.83 | NOTE | |
r-devel-linux-x86_64-debian-gcc | 1.15.2 | 4.10 | 184.94 | 189.04 | NOTE | |
r-devel-linux-x86_64-fedora-clang | 1.15.2 | 307.63 | NOTE | |||
r-devel-linux-x86_64-fedora-gcc | 1.15.2 | 320.46 | NOTE | |||
r-prerel-macos-arm64 | 1.15.2 | 170.00 | NOTE | |||
r-prerel-windows-x86_64 | 1.15.2 | 8.00 | 341.00 | 349.00 | NOTE | |
r-patched-linux-x86_64 | 1.15.2 | 6.26 | 234.36 | 240.62 | NOTE | |
r-release-linux-x86_64 | 1.15.2 | 5.38 | 225.94 | 231.32 | OK | |
r-release-macos-arm64 | 1.15.2 | 182.00 | OK | |||
r-release-macos-x86_64 | 1.15.2 | 266.00 | OK | |||
r-release-windows-x86_64 | 1.15.2 | 10.00 | 365.00 | 375.00 | OK | |
r-oldrel-macos-arm64 | 1.15.2 | 227.00 | OK | |||
r-oldrel-windows-x86_64 | 1.15.2 | 10.00 | 378.00 | 388.00 | OK |
Version: 1.15.2
Check: Rd files
Result: NOTE
checkRd: (-1) lint_package.Rd:20: Lost braces
20 | code{\link[lintr:lint_package]{lintr::lint_package}} where we hardcode the
| ^
checkRd: (-1) provide_news_rd.Rd:22: Lost braces
22 | Christian Vonderach uses the index thus wants file{inst/NEWS.rd} to
| ^
checkRd: (-1) provide_news_rd.Rd:23: Lost braces
23 | automatically be in sync with file{./NEWS.md}.
| ^
Flavors: r-devel-linux-x86_64-debian-clang, r-devel-linux-x86_64-debian-gcc, r-devel-linux-x86_64-fedora-clang, r-devel-linux-x86_64-fedora-gcc, r-prerel-macos-arm64, r-prerel-windows-x86_64, r-patched-linux-x86_64