Last updated on 2023-01-28 12:56:19 CET.
Flavor | Version | Tinstall | Tcheck | Ttotal | Status | Flags |
---|---|---|---|---|---|---|
r-devel-linux-x86_64-debian-clang | 0.4.5 | 9.58 | 74.34 | 83.92 | OK | |
r-devel-linux-x86_64-debian-gcc | 0.4.5 | 9.40 | 57.24 | 66.64 | OK | |
r-devel-linux-x86_64-fedora-clang | 0.4.5 | 103.47 | OK | |||
r-devel-linux-x86_64-fedora-gcc | 0.4.5 | 114.07 | OK | |||
r-patched-linux-x86_64 | 0.4.5 | 11.00 | 73.72 | 84.72 | OK | |
r-release-linux-x86_64 | 0.4.5 | 11.70 | 73.60 | 85.30 | OK | |
r-release-macos-arm64 | 0.4.5 | 36.00 | NOTE | |||
r-release-macos-x86_64 | 0.4.5 | 51.00 | OK | |||
r-release-windows-x86_64 | 0.4.5 | 28.00 | 115.00 | 143.00 | OK | |
r-oldrel-macos-arm64 | 0.4.5 | 35.00 | NOTE | |||
r-oldrel-macos-x86_64 | 0.4.5 | 48.00 | OK | |||
r-oldrel-windows-ix86+x86_64 | 0.4.5 | 22.00 | 102.00 | 124.00 | OK |
Version: 0.4.5
Check: installed package size
Result: NOTE
installed size is 5.1Mb
sub-directories of 1Mb or more:
data 4.0Mb
Flavors: r-release-macos-arm64, r-oldrel-macos-arm64