CRAN Package Check Results for Package ozmaps

Last updated on 2024-02-21 11:01:16 CET.

Flavor Version Tinstall Tcheck Ttotal Status Flags
r-devel-linux-x86_64-debian-clang 0.4.5 OK
r-devel-linux-x86_64-debian-gcc 0.4.5 8.73 58.71 67.44 OK
r-devel-linux-x86_64-fedora-clang 0.4.5 106.69 OK
r-devel-linux-x86_64-fedora-gcc 0.4.5 114.71 OK
r-devel-windows-x86_64 0.4.5 11.00 75.00 86.00 OK
r-patched-linux-x86_64 0.4.5 11.28 73.18 84.46 OK
r-release-linux-x86_64 0.4.5 9.84 73.96 83.80 OK
r-release-macos-arm64 0.4.5 42.00 NOTE
r-release-macos-x86_64 0.4.5 72.00 OK
r-release-windows-x86_64 0.4.5 13.00 87.00 100.00 OK
r-oldrel-macos-arm64 0.4.5 36.00 NOTE
r-oldrel-windows-x86_64 0.4.5 15.00 90.00 105.00 OK

Check Details

Version: 0.4.5
Check: installed package size
Result: NOTE installed size is 5.1Mb sub-directories of 1Mb or more: data 4.0Mb Flavors: r-release-macos-arm64, r-oldrel-macos-arm64