CRAN Package Check Results for Package overture

Last updated on 2022-06-26 11:52:39 CEST.

Flavor Version Tinstall Tcheck Ttotal Status Flags
r-devel-linux-x86_64-debian-clang 0.4-0 2.50 32.09 34.59 NOTE
r-devel-linux-x86_64-debian-gcc 0.4-0 1.72 24.57 26.29 NOTE
r-devel-linux-x86_64-fedora-clang 0.4-0 51.13 NOTE
r-devel-linux-x86_64-fedora-gcc 0.4-0 61.08 NOTE
r-devel-windows-x86_64 0.4-0 15.00 59.00 74.00 NOTE
r-patched-linux-x86_64 0.4-0 3.78 30.94 34.72 NOTE
r-release-linux-x86_64 0.4-0 1.69 31.19 32.88 NOTE
r-release-macos-arm64 0.4-0 22.00 NOTE
r-release-macos-x86_64 0.4-0 30.00 NOTE
r-release-windows-x86_64 0.4-0 15.00 56.00 71.00 NOTE
r-oldrel-macos-arm64 0.4-0 27.00 NOTE
r-oldrel-macos-x86_64 0.4-0 41.00 NOTE
r-oldrel-windows-ix86+x86_64 0.4-0 6.00 48.00 54.00 NOTE

Check Details

Version: 0.4-0
Check: LazyData
Result: NOTE
     'LazyData' is specified without a 'data' directory
Flavors: r-devel-linux-x86_64-debian-clang, r-devel-linux-x86_64-debian-gcc, r-devel-linux-x86_64-fedora-clang, r-devel-linux-x86_64-fedora-gcc, r-devel-windows-x86_64, r-patched-linux-x86_64, r-release-linux-x86_64, r-release-macos-arm64, r-release-macos-x86_64, r-release-windows-x86_64, r-oldrel-macos-arm64, r-oldrel-macos-x86_64, r-oldrel-windows-ix86+x86_64