Last updated on 2024-04-19 11:56:55 CEST.
Flavor | Version | Tinstall | Tcheck | Ttotal | Status | Flags |
---|---|---|---|---|---|---|
r-devel-linux-x86_64-debian-clang | 1.9.0 | 106.24 | 48.59 | 154.83 | OK | |
r-devel-linux-x86_64-debian-gcc | 1.9.0 | OK | ||||
r-devel-linux-x86_64-fedora-clang | 1.9.0 | 249.57 | OK | |||
r-devel-linux-x86_64-fedora-gcc | 1.9.0 | 244.34 | OK | |||
r-prerel-macos-arm64 | 1.9.0 | 62.00 | NOTE | |||
r-prerel-macos-x86_64 | 1.9.0 | 147.00 | NOTE | |||
r-prerel-windows-x86_64 | 1.9.0 | 85.00 | 78.00 | 163.00 | OK | |
r-patched-linux-x86_64 | 1.9.0 | 97.92 | 46.84 | 144.76 | OK | |
r-release-linux-x86_64 | 1.9.0 | 91.95 | 45.94 | 137.89 | OK | |
r-release-macos-arm64 | 1.9.0 | 69.00 | NOTE | |||
r-release-macos-x86_64 | 1.9.0 | 141.00 | NOTE | |||
r-release-windows-x86_64 | 1.9.0 | 79.00 | 87.00 | 166.00 | OK | |
r-oldrel-macos-arm64 | 1.8.1-1 | 62.00 | NOTE | |||
r-oldrel-windows-x86_64 | 1.8.1-1 | 86.00 | 84.00 | 170.00 | OK |
Version: 1.9.0
Check: installed package size
Result: NOTE
installed size is 6.9Mb
sub-directories of 1Mb or more:
doc 1.1Mb
libs 5.5Mb
Flavors: r-prerel-macos-arm64, r-prerel-macos-x86_64, r-release-macos-arm64, r-release-macos-x86_64
Version: 1.8.1-1
Check: installed package size
Result: NOTE
installed size is 6.9Mb
sub-directories of 1Mb or more:
doc 1.1Mb
libs 5.5Mb
Flavor: r-oldrel-macos-arm64