CRAN Package Check Results for Package otsfeatures

Last updated on 2023-09-26 13:08:38 CEST.

Flavor Version Tinstall Tcheck Ttotal Status Flags
r-devel-linux-x86_64-debian-clang 1.0.0 5.53 39.20 44.73 OK
r-devel-linux-x86_64-debian-gcc 1.0.0 4.79 29.70 34.49 OK
r-devel-linux-x86_64-fedora-clang 1.0.0 55.78 NOTE
r-devel-linux-x86_64-fedora-gcc 1.0.0 54.73 NOTE
r-devel-windows-x86_64 1.0.0 7.00 56.00 63.00 OK
r-patched-linux-x86_64 1.0.0 4.70 37.76 42.46 OK
r-release-linux-x86_64 1.0.0 5.57 37.42 42.99 OK
r-release-macos-arm64 1.0.0 25.00 OK
r-release-macos-x86_64 1.0.0 30.00 OK
r-release-windows-x86_64 1.0.0 8.00 58.00 66.00 OK
r-oldrel-macos-arm64 1.0.0 22.00 OK
r-oldrel-macos-x86_64 1.0.0 32.00 OK
r-oldrel-windows-x86_64 1.0.0 10.00 55.00 65.00 OK

Check Details

Version: 1.0.0
Check: dependencies in R code
Result: NOTE
    Namespaces in Imports field not imported from:
     ‘Rdpack’ ‘astsa’
     All declared Imports should be used.
Flavors: r-devel-linux-x86_64-fedora-clang, r-devel-linux-x86_64-fedora-gcc