CRAN Package Check Results for Package otpr

Last updated on 2024-02-20 12:55:08 CET.

Flavor Version Tinstall Tcheck Ttotal Status Flags
r-devel-linux-x86_64-debian-clang 0.5.1 NOTE
r-devel-linux-x86_64-debian-gcc 0.5.1 4.28 37.04 41.32 NOTE
r-devel-linux-x86_64-fedora-clang 0.5.1 67.03 OK
r-devel-linux-x86_64-fedora-gcc 0.5.1 63.72 OK
r-devel-windows-x86_64 0.5.1 6.00 57.00 63.00 OK
r-patched-linux-x86_64 0.5.1 3.89 47.27 51.16 OK
r-release-linux-x86_64 0.5.1 3.32 48.14 51.46 OK
r-release-macos-arm64 0.5.1 23.00 OK
r-release-macos-x86_64 0.5.1 36.00 OK
r-release-windows-x86_64 0.5.1 6.00 62.00 68.00 OK
r-oldrel-macos-arm64 0.5.1 22.00 OK
r-oldrel-windows-x86_64 0.5.1 8.00 67.00 75.00 OK

Check Details

Version: 0.5.1
Check: Rd files
Result: NOTE checkRd: (-1) otp_create_surface.Rd:33: Lost braces; missing escapes or markup? 33 | The file will be named surface_{id}.tiff, with {id} replaced by the OTP id assigned | ^ checkRd: (-1) otp_create_surface.Rd:33: Lost braces; missing escapes or markup? 33 | The file will be named surface_{id}.tiff, with {id} replaced by the OTP id assigned | ^ Flavors: r-devel-linux-x86_64-debian-clang, r-devel-linux-x86_64-debian-gcc