Last updated on 2022-07-07 12:55:30 CEST.
Flavor | Version | Tinstall | Tcheck | Ttotal | Status | Flags |
---|---|---|---|---|---|---|
r-devel-linux-x86_64-debian-clang | 0.1.0 | 2.32 | 21.21 | 23.53 | OK | |
r-devel-linux-x86_64-debian-gcc | 0.1.0 | 1.76 | 16.70 | 18.46 | OK | |
r-devel-linux-x86_64-fedora-clang | 0.1.0 | 42.23 | NOTE | |||
r-devel-linux-x86_64-fedora-gcc | 0.1.0 | 41.49 | NOTE | |||
r-devel-windows-x86_64 | 0.1.0 | 10.00 | 48.00 | 58.00 | NOTE | |
r-patched-linux-x86_64 | 0.1.0 | 2.15 | 20.74 | 22.89 | OK | |
r-release-linux-x86_64 | 0.1.0 | 1.90 | 20.92 | 22.82 | OK | |
r-release-macos-arm64 | 0.1.0 | 16.00 | NOTE | |||
r-release-macos-x86_64 | 0.1.0 | 19.00 | NOTE | |||
r-release-windows-x86_64 | 0.1.0 | 10.00 | 50.00 | 60.00 | NOTE | |
r-oldrel-macos-arm64 | 0.1.0 | 20.00 | NOTE | |||
r-oldrel-macos-x86_64 | 0.1.0 | 25.00 | NOTE | |||
r-oldrel-windows-ix86+x86_64 | 0.1.0 | 5.00 | 38.00 | 43.00 | NOTE |
Version: 0.1.0
Check: package dependencies
Result: NOTE
Package suggested but not available for checking: ‘Rcplex’
Flavors: r-devel-linux-x86_64-fedora-clang, r-devel-linux-x86_64-fedora-gcc, r-devel-windows-x86_64, r-release-macos-arm64, r-release-macos-x86_64, r-release-windows-x86_64, r-oldrel-macos-arm64, r-oldrel-macos-x86_64, r-oldrel-windows-ix86+x86_64