Last updated on 2022-07-02 12:53:09 CEST.
Flavor | Version | Tinstall | Tcheck | Ttotal | Status | Flags |
---|---|---|---|---|---|---|
r-devel-linux-x86_64-debian-clang | 0.3.3 | 16.78 | 252.98 | 269.76 | OK | |
r-devel-linux-x86_64-debian-gcc | 0.3.3 | 12.24 | 184.04 | 196.28 | OK | |
r-devel-linux-x86_64-fedora-clang | 0.3.3 | 316.14 | NOTE | |||
r-devel-linux-x86_64-fedora-gcc | 0.3.3 | 316.95 | OK | |||
r-devel-windows-x86_64 | 0.3.3 | 60.00 | 273.00 | 333.00 | NOTE | |
r-patched-linux-x86_64 | 0.3.3 | 11.78 | 235.11 | 246.89 | OK | |
r-release-linux-x86_64 | 0.3.3 | 10.84 | 233.86 | 244.70 | OK | |
r-release-macos-arm64 | 0.3.3 | 93.00 | NOTE | |||
r-release-macos-x86_64 | 0.3.3 | 145.00 | NOTE | |||
r-release-windows-x86_64 | 0.3.3 | 45.00 | 281.00 | 326.00 | NOTE | |
r-oldrel-macos-arm64 | 0.3.3 | 111.00 | NOTE | |||
r-oldrel-macos-x86_64 | 0.3.3 | 124.00 | NOTE | |||
r-oldrel-windows-ix86+x86_64 | 0.3.3 | 35.00 | 284.00 | 319.00 | NOTE |
Version: 0.3.3
Check: installed package size
Result: NOTE
installed size is 9.3Mb
sub-directories of 1Mb or more:
doc 7.8Mb
Flavors: r-devel-linux-x86_64-fedora-clang, r-devel-windows-x86_64, r-release-macos-arm64, r-release-macos-x86_64, r-release-windows-x86_64, r-oldrel-macos-arm64, r-oldrel-macos-x86_64, r-oldrel-windows-ix86+x86_64