CRAN Package Check Results for Package osfr

Last updated on 2022-07-04 12:54:16 CEST.

Flavor Version Tinstall Tcheck Ttotal Status Flags
r-devel-linux-x86_64-debian-clang 0.2.8 6.77 68.66 75.43 NOTE
r-devel-linux-x86_64-debian-gcc 0.2.8 5.42 50.90 56.32 NOTE
r-devel-linux-x86_64-fedora-clang 0.2.8 97.30 NOTE
r-devel-linux-x86_64-fedora-gcc 0.2.8 97.21 NOTE
r-devel-windows-x86_64 0.2.8 31.00 95.00 126.00 NOTE
r-patched-linux-x86_64 0.2.8 5.85 63.65 69.50 NOTE
r-release-linux-x86_64 0.2.8 5.37 64.62 69.99 NOTE
r-release-macos-arm64 0.2.8 27.00 NOTE
r-release-macos-x86_64 0.2.8 43.00 NOTE
r-release-windows-x86_64 0.2.8 54.00 94.00 148.00 NOTE
r-oldrel-macos-arm64 0.2.8 32.00 NOTE
r-oldrel-macos-x86_64 0.2.8 50.00 NOTE
r-oldrel-windows-ix86+x86_64 0.2.8 18.00 86.00 104.00 NOTE

Check Details

Version: 0.2.8
Check: LazyData
Result: NOTE
     'LazyData' is specified without a 'data' directory
Flavors: r-devel-linux-x86_64-debian-clang, r-devel-linux-x86_64-debian-gcc, r-devel-linux-x86_64-fedora-clang, r-devel-linux-x86_64-fedora-gcc, r-devel-windows-x86_64, r-patched-linux-x86_64, r-release-linux-x86_64, r-release-macos-arm64, r-release-macos-x86_64, r-release-windows-x86_64, r-oldrel-macos-arm64, r-oldrel-macos-x86_64, r-oldrel-windows-ix86+x86_64