Last updated on 2025-05-13 10:51:23 CEST.
Flavor | Version | Tinstall | Tcheck | Ttotal | Status | Flags |
---|---|---|---|---|---|---|
r-devel-linux-x86_64-debian-clang | 0.1.7 | 3.33 | 23.74 | 27.07 | NOTE | |
r-devel-linux-x86_64-debian-gcc | 0.1.7 | 2.43 | 19.06 | 21.49 | NOTE | |
r-devel-linux-x86_64-fedora-clang | 0.1.7 | 42.18 | OK | |||
r-devel-linux-x86_64-fedora-gcc | 0.1.7 | 40.60 | OK | |||
r-devel-windows-x86_64 | 0.1.7 | 4.00 | 46.00 | 50.00 | OK | |
r-patched-linux-x86_64 | 0.1.7 | 2.87 | 23.20 | 26.07 | OK | |
r-release-linux-x86_64 | 0.1.7 | 3.25 | 23.08 | 26.33 | OK | |
r-release-macos-arm64 | 0.1.7 | 20.00 | OK | |||
r-release-macos-x86_64 | 0.1.7 | 30.00 | OK | |||
r-release-windows-x86_64 | 0.1.7 | 4.00 | 46.00 | 50.00 | OK | |
r-oldrel-macos-arm64 | 0.1.7 | 21.00 | OK | |||
r-oldrel-macos-x86_64 | 0.1.7 | 27.00 | OK | |||
r-oldrel-windows-x86_64 | 0.1.7 | 4.00 | 51.00 | 55.00 | OK |
Version: 0.1.7
Check: CRAN incoming feasibility
Result: NOTE
Maintainer: ‘Andrew Redd <andrew.redd@hsc.utah.edu>’
No Authors@R field in DESCRIPTION.
Please add one, modifying
Authors@R: person(given = "Andrew",
family = "Redd",
role = c("aut", "cre"),
email = "andrew.redd@hsc.utah.edu")
as necessary.
Flavors: r-devel-linux-x86_64-debian-clang, r-devel-linux-x86_64-debian-gcc