Last updated on 2023-11-28 13:51:02 CET.
Flavor | Version | Tinstall | Tcheck | Ttotal | Status | Flags |
---|---|---|---|---|---|---|
r-devel-linux-x86_64-debian-clang | 0.11.4 | 18.86 | 127.90 | 146.76 | OK | |
r-devel-linux-x86_64-debian-gcc | 0.11.4 | 14.18 | 96.47 | 110.65 | OK | |
r-devel-linux-x86_64-fedora-clang | 0.11.4 | 185.82 | NOTE | |||
r-devel-linux-x86_64-fedora-gcc | 0.11.4 | 179.39 | OK | |||
r-devel-windows-x86_64 | 0.11.4 | 17.00 | 132.00 | 149.00 | NOTE | |
r-patched-linux-x86_64 | 0.11.4 | 21.30 | 123.83 | 145.13 | OK | |
r-release-linux-x86_64 | 0.11.4 | 17.21 | 121.58 | 138.79 | OK | |
r-release-macos-arm64 | 0.11.4 | 51.00 | NOTE | |||
r-release-macos-x86_64 | 0.11.4 | 90.00 | NOTE | |||
r-release-windows-x86_64 | 0.11.4 | 26.00 | 157.00 | 183.00 | NOTE | |
r-oldrel-macos-arm64 | 0.11.4 | 48.00 | NOTE | |||
r-oldrel-macos-x86_64 | 0.11.4 | 67.00 | NOTE | |||
r-oldrel-windows-x86_64 | 0.11.4 | 26.00 | 134.00 | 160.00 | NOTE |
Version: 0.11.4
Check: installed package size
Result: NOTE
installed size is 6.7Mb
sub-directories of 1Mb or more:
R 1.0Mb
nifti 3.8Mb
Flavors: r-devel-linux-x86_64-fedora-clang, r-devel-windows-x86_64, r-release-macos-arm64, r-release-macos-x86_64, r-release-windows-x86_64, r-oldrel-macos-arm64, r-oldrel-macos-x86_64, r-oldrel-windows-x86_64