CRAN Package Check Results for Package orloca

Last updated on 2022-09-29 10:52:51 CEST.

Flavor Version Tinstall Tcheck Ttotal Status Flags
r-devel-linux-x86_64-debian-clang 4.10 4.69 46.19 50.88 OK
r-devel-linux-x86_64-debian-gcc 4.10 4.18 35.02 39.20 OK
r-devel-linux-x86_64-fedora-clang 4.10 75.97 NOTE
r-devel-linux-x86_64-fedora-gcc 4.10 70.92 NOTE
r-devel-windows-x86_64 4.10 27.00 86.00 113.00 OK
r-patched-linux-x86_64 4.10 5.73 41.78 47.51 OK
r-release-linux-x86_64 4.10 4.31 41.46 45.77 OK
r-release-macos-arm64 4.10 25.00 NOTE
r-release-macos-x86_64 4.10 33.00 NOTE
r-release-windows-x86_64 4.10 20.00 75.00 95.00 OK
r-oldrel-macos-arm64 4.10 33.00 NOTE
r-oldrel-macos-x86_64 4.10 47.00 NOTE
r-oldrel-windows-ix86+x86_64 4.10 9.00 71.00 80.00 OK

Check Details

Version: 4.10
Check: dependencies in R code
Result: NOTE
    Namespaces in Imports field not imported from:
     ‘knitr’ ‘rmarkdown’
     All declared Imports should be used.
Flavors: r-devel-linux-x86_64-fedora-clang, r-devel-linux-x86_64-fedora-gcc, r-release-macos-arm64, r-release-macos-x86_64, r-oldrel-macos-arm64, r-oldrel-macos-x86_64

Version: 4.10
Check: Rd cross-references
Result: NOTE
    Undeclared package ‘orloca.es’ in Rd xrefs
Flavor: r-devel-linux-x86_64-fedora-clang