Last updated on 2024-04-23 10:54:11 CEST.
Flavor | Version | Tinstall | Tcheck | Ttotal | Status | Flags |
---|---|---|---|---|---|---|
r-devel-linux-x86_64-debian-clang | 4.9 | 2.70 | 22.71 | 25.41 | NOTE | |
r-devel-linux-x86_64-debian-gcc | 4.9 | 2.19 | 16.93 | 19.12 | NOTE | |
r-devel-linux-x86_64-fedora-clang | 4.9 | 32.10 | NOTE | |||
r-devel-linux-x86_64-fedora-gcc | 4.9 | 31.03 | NOTE | |||
r-prerel-macos-arm64 | 4.9 | 13.00 | NOTE | |||
r-prerel-windows-x86_64 | 4.9 | 4.00 | 42.00 | 46.00 | NOTE | |
r-patched-linux-x86_64 | 4.9 | 7.28 | 21.37 | 28.65 | NOTE | |
r-release-linux-x86_64 | 4.9 | 2.64 | 20.98 | 23.62 | OK | |
r-release-macos-arm64 | 4.9 | 14.00 | OK | |||
r-release-macos-x86_64 | 4.9 | 17.00 | OK | |||
r-release-windows-x86_64 | 4.9 | 4.00 | 42.00 | 46.00 | OK | |
r-oldrel-macos-arm64 | 4.9 | 13.00 | OK | |||
r-oldrel-windows-x86_64 | 4.9 | 4.00 | 45.00 | 49.00 | OK |
Version: 4.9
Check: Rd files
Result: NOTE
checkRd: (-1) distsumlpmin.Rd:69: Lost braces
69 | \code{Véase}{Vease} \enc{también}{tambien} \code{\link{distsummin}}, \code{\link{orloca.es-package}}, \code{\link{loca.p}} y \code{\link{distsum}}.
| ^
checkRd: (-1) distsummin.Rd:80: Lost braces
80 | \code{Véase}{Vease} \enc{también}{tambien} \code{\link{orloca.es-package}}, \code{\link{loca.p}} y \code{\link{distsum}}.
| ^
Flavors: r-devel-linux-x86_64-debian-clang, r-devel-linux-x86_64-debian-gcc, r-devel-linux-x86_64-fedora-clang, r-devel-linux-x86_64-fedora-gcc, r-prerel-macos-arm64, r-prerel-windows-x86_64, r-patched-linux-x86_64