CRAN Package Check Results for Package ores

Last updated on 2022-07-06 12:53:41 CEST.

Flavor Version Tinstall Tcheck Ttotal Status Flags
r-devel-linux-x86_64-debian-clang 0.3.2 2.35 25.75 28.10 NOTE
r-devel-linux-x86_64-debian-gcc 0.3.2 1.76 20.37 22.13 NOTE
r-devel-linux-x86_64-fedora-clang 0.3.2 45.15 NOTE
r-devel-linux-x86_64-fedora-gcc 0.3.2 43.76 NOTE
r-devel-windows-x86_64 0.3.2 9.00 59.00 68.00 NOTE
r-patched-linux-x86_64 0.3.2 2.32 25.33 27.65 NOTE
r-release-linux-x86_64 0.3.2 1.74 25.03 26.77 NOTE
r-release-macos-arm64 0.3.2 24.00 NOTE
r-release-macos-x86_64 0.3.2 30.00 NOTE
r-release-windows-x86_64 0.3.2 12.00 56.00 68.00 NOTE
r-oldrel-macos-arm64 0.3.2 23.00 NOTE
r-oldrel-macos-x86_64 0.3.2 32.00 NOTE
r-oldrel-windows-ix86+x86_64 0.3.2 5.00 46.00 51.00 NOTE

Check Details

Version: 0.3.2
Check: LazyData
Result: NOTE
     'LazyData' is specified without a 'data' directory
Flavors: r-devel-linux-x86_64-debian-clang, r-devel-linux-x86_64-debian-gcc, r-devel-linux-x86_64-fedora-clang, r-devel-linux-x86_64-fedora-gcc, r-devel-windows-x86_64, r-patched-linux-x86_64, r-release-linux-x86_64, r-release-macos-arm64, r-release-macos-x86_64, r-release-windows-x86_64, r-oldrel-macos-arm64, r-oldrel-macos-x86_64, r-oldrel-windows-ix86+x86_64