CRAN Package Check Results for Package ordinalRR

Last updated on 2025-04-29 12:52:43 CEST.

Flavor Version Tinstall Tcheck Ttotal Status Flags
r-devel-linux-x86_64-debian-clang 1.1 2.60 24.18 26.78 NOTE
r-devel-linux-x86_64-debian-gcc 1.1 1.76 19.26 21.02 NOTE
r-devel-linux-x86_64-fedora-clang 1.1 43.69 OK
r-devel-linux-x86_64-fedora-gcc 1.1 41.01 OK
r-devel-windows-x86_64 1.1 4.00 48.00 52.00 OK
r-patched-linux-x86_64 1.1 2.74 23.58 26.32 OK
r-release-linux-x86_64 1.1 2.58 23.54 26.12 OK
r-release-macos-arm64 1.1 20.00 OK
r-release-macos-x86_64 1.1 32.00 OK
r-release-windows-x86_64 1.1 4.00 50.00 54.00 OK
r-oldrel-macos-arm64 1.1 17.00 OK
r-oldrel-macos-x86_64 1.1 23.00 OK
r-oldrel-windows-x86_64 1.1 4.00 50.00 54.00 OK

Check Details

Version: 1.1
Check: CRAN incoming feasibility
Result: NOTE Maintainer: ‘Ken Ryan <kjryan@mail.wvu.edu>’ No Authors@R field in DESCRIPTION. Please add one, modifying Authors@R: person(given = "Ken", family = "Ryan", role = c("aut", "cre"), email = "kjryan@mail.wvu.edu") as necessary. Package CITATION file contains call(s) to old-style personList() or as.personList(). Please use c() on person objects instead. Package CITATION file contains call(s) to old-style citEntry(). Please use bibentry() instead. Flavors: r-devel-linux-x86_64-debian-clang, r-devel-linux-x86_64-debian-gcc