Last updated on 2024-04-17 10:41:44 CEST.
Flavor | Version | Tinstall | Tcheck | Ttotal | Status | Flags |
---|---|---|---|---|---|---|
r-devel-linux-x86_64-debian-clang | 2.4-3 | 95.49 | 36.07 | 131.56 | OK | |
r-devel-linux-x86_64-debian-gcc | 2.4-3 | 77.10 | 27.09 | 104.19 | OK | |
r-devel-linux-x86_64-fedora-clang | 2.4-3 | 223.01 | OK | |||
r-devel-linux-x86_64-fedora-gcc | 2.4-3 | 200.64 | OK | |||
r-prerel-macos-arm64 | 2.4-3 | 45.00 | NOTE | |||
r-prerel-windows-x86_64 | 2.4-3 | 83.00 | 70.00 | 153.00 | OK | |
r-patched-linux-x86_64 | 2.4-3 | 100.37 | 35.19 | 135.56 | OK | |
r-release-linux-x86_64 | 2.4-3 | 92.99 | 34.38 | 127.37 | OK | |
r-release-macos-arm64 | 2.4-3 | 50.00 | NOTE | |||
r-release-macos-x86_64 | 2.4-3 | 84.00 | NOTE | |||
r-release-windows-x86_64 | 2.4-3 | 103.00 | 78.00 | 181.00 | OK | |
r-oldrel-macos-arm64 | 2.4-3 | 46.00 | NOTE | |||
r-oldrel-windows-x86_64 | 2.4-3 | 88.00 | 76.00 | 164.00 | OK |
Version: 2.4-3
Check: installed package size
Result: NOTE
installed size is 5.7Mb
sub-directories of 1Mb or more:
libs 5.6Mb
Flavors: r-prerel-macos-arm64, r-release-macos-arm64, r-release-macos-x86_64, r-oldrel-macos-arm64