CRAN Package Check Results for Package orbweaver

Last updated on 2024-04-18 12:52:53 CEST.

Flavor Version Tinstall Tcheck Ttotal Status Flags
r-devel-linux-x86_64-debian-clang 0.0.3 62.43 24.36 86.79 OK
r-devel-linux-x86_64-debian-gcc 0.0.3 48.94 18.95 67.89 OK
r-devel-linux-x86_64-fedora-clang 0.0.3 125.96 OK
r-devel-linux-x86_64-fedora-gcc 0.0.3 123.72 OK
r-prerel-macos-arm64 0.0.3 39.00 NOTE
r-prerel-windows-x86_64 0.0.3 57.00 57.00 114.00 OK
r-patched-linux-x86_64 0.0.3 65.04 23.07 88.11 OK
r-release-linux-x86_64 0.0.3 65.76 23.70 89.46 OK
r-release-macos-arm64 0.0.3 45.00 NOTE
r-release-macos-x86_64 0.0.3 72.00 NOTE
r-release-windows-x86_64 0.0.3 54.00 58.00 112.00 OK
r-oldrel-macos-arm64 0.0.3 46.00 NOTE
r-oldrel-windows-x86_64 0.0.3 80.00 57.00 137.00 WARN

Check Details

Version: 0.0.3
Check: installed package size
Result: NOTE installed size is 7.4Mb sub-directories of 1Mb or more: libs 7.3Mb Flavors: r-prerel-macos-arm64, r-release-macos-arm64, r-release-macos-x86_64, r-oldrel-macos-arm64

Version: 0.0.3
Check: whether package can be installed
Result: WARN Found the following significant warnings: Warning: corrupt .drectve at end of def file Flavor: r-oldrel-windows-x86_64