Last updated on 2024-03-28 09:51:50 CET.
Flavor | Version | Tinstall | Tcheck | Ttotal | Status | Flags |
---|---|---|---|---|---|---|
r-devel-linux-x86_64-debian-clang | 0.0.2 | 2.22 | 32.58 | 34.80 | OK | |
r-devel-linux-x86_64-debian-gcc | 0.0.2 | 1.91 | 24.91 | 26.82 | OK | |
r-devel-linux-x86_64-fedora-clang | 0.0.2 | 44.69 | NOTE | |||
r-devel-linux-x86_64-fedora-gcc | 0.0.2 | 54.91 | OK | |||
r-devel-windows-x86_64 | 0.0.2 | 5.00 | 48.00 | 53.00 | OK | |
r-patched-linux-x86_64 | 0.0.2 | 2.81 | 31.62 | 34.43 | OK | |
r-release-linux-x86_64 | 0.0.2 | 2.56 | 29.04 | 31.60 | OK | |
r-release-macos-arm64 | 0.0.2 | 25.00 | OK | |||
r-release-macos-x86_64 | 0.0.2 | 58.00 | OK | |||
r-release-windows-x86_64 | 0.0.2 | 4.00 | 51.00 | 55.00 | OK | |
r-oldrel-macos-arm64 | 0.0.2 | 25.00 | OK | |||
r-oldrel-windows-x86_64 | 0.0.2 | 4.00 | 52.00 | 56.00 | OK |
Version: 0.0.2
Check: Rd cross-references
Result: NOTE
Undeclared package ‘tibble’ in Rd xrefs
Flavor: r-devel-linux-x86_64-fedora-clang