Last updated on 2022-06-29 11:52:16 CEST.
Flavor | Version | Tinstall | Tcheck | Ttotal | Status | Flags |
---|---|---|---|---|---|---|
r-devel-linux-x86_64-debian-clang | 0.1 | 2.10 | 24.49 | 26.59 | NOTE | |
r-devel-linux-x86_64-debian-gcc | 0.1 | 1.75 | 18.81 | 20.56 | NOTE | |
r-devel-linux-x86_64-fedora-clang | 0.1 | 42.95 | NOTE | |||
r-devel-linux-x86_64-fedora-gcc | 0.1 | 41.98 | NOTE | |||
r-devel-windows-x86_64 | 0.1 | 25.00 | 55.00 | 80.00 | NOTE | |
r-patched-linux-x86_64 | 0.1 | 1.83 | 23.78 | 25.61 | NOTE | |
r-release-linux-x86_64 | 0.1 | 2.24 | 23.26 | 25.50 | NOTE | |
r-release-macos-arm64 | 0.1 | 16.00 | NOTE | |||
r-release-macos-x86_64 | 0.1 | 24.00 | NOTE | |||
r-release-windows-x86_64 | 0.1 | 30.00 | 52.00 | 82.00 | NOTE | |
r-oldrel-macos-arm64 | 0.1 | 21.00 | NOTE | |||
r-oldrel-macos-x86_64 | 0.1 | 28.00 | NOTE | |||
r-oldrel-windows-ix86+x86_64 | 0.1 | 5.00 | 44.00 | 49.00 | NOTE |
Version: 0.1
Check: LazyData
Result: NOTE
'LazyData' is specified without a 'data' directory
Flavors: r-devel-linux-x86_64-debian-clang, r-devel-linux-x86_64-debian-gcc, r-devel-linux-x86_64-fedora-clang, r-devel-linux-x86_64-fedora-gcc, r-devel-windows-x86_64, r-patched-linux-x86_64, r-release-linux-x86_64, r-release-macos-arm64, r-release-macos-x86_64, r-release-windows-x86_64, r-oldrel-macos-arm64, r-oldrel-macos-x86_64, r-oldrel-windows-ix86+x86_64