CRAN Package Check Results for Package openssl

Last updated on 2022-11-30 10:51:44 CET.

Flavor Version Tinstall Tcheck Ttotal Status Flags
r-devel-linux-x86_64-debian-clang 2.0.4 13.82 69.87 83.69 OK
r-devel-linux-x86_64-debian-gcc 2.0.4 10.01 51.23 61.24 OK
r-devel-linux-x86_64-fedora-clang 2.0.4 115.07 OK
r-devel-linux-x86_64-fedora-gcc 2.0.4 115.96 OK
r-devel-windows-x86_64 2.0.4 156.00 124.00 280.00 NOTE
r-patched-linux-x86_64 2.0.4 13.51 75.60 89.11 OK
r-release-linux-x86_64 2.0.4 12.54 65.03 77.57 OK
r-release-macos-arm64 2.0.4 42.00 NOTE
r-release-macos-x86_64 2.0.4 43.00 NOTE
r-release-windows-x86_64 2.0.4 160.00 125.00 285.00 NOTE
r-oldrel-macos-arm64 2.0.4 42.00 NOTE
r-oldrel-macos-x86_64 2.0.4 52.00 NOTE
r-oldrel-windows-ix86+x86_64 2.0.4 77.00 172.00 249.00 NOTE

Check Details

Version: 2.0.4
Check: installed package size
Result: NOTE
     installed size is 5.9Mb
     sub-directories of 1Mb or more:
     doc 2.6Mb
     libs 2.8Mb
Flavors: r-devel-windows-x86_64, r-release-macos-arm64, r-release-macos-x86_64, r-release-windows-x86_64, r-oldrel-macos-arm64, r-oldrel-macos-x86_64, r-oldrel-windows-ix86+x86_64