CRAN Package Check Results for Package openmetrics

Last updated on 2024-04-23 10:54:11 CEST.

Flavor Version Tinstall Tcheck Ttotal Status Flags
r-devel-linux-x86_64-debian-clang 0.3.0 6.71 26.69 33.40 NOTE
r-devel-linux-x86_64-debian-gcc 0.3.0 4.78 20.64 25.42 NOTE
r-devel-linux-x86_64-fedora-clang 0.3.0 43.22 NOTE
r-devel-linux-x86_64-fedora-gcc 0.3.0 40.74 NOTE
r-prerel-macos-arm64 0.3.0 18.00 NOTE
r-prerel-windows-x86_64 0.3.0 6.00 42.00 48.00 NOTE
r-patched-linux-x86_64 0.3.0 6.48 25.52 32.00 NOTE
r-release-linux-x86_64 0.3.0 5.80 25.13 30.93 NOTE
r-release-macos-arm64 0.3.0 19.00 NOTE
r-release-macos-x86_64 0.3.0 24.00 NOTE
r-release-windows-x86_64 0.3.0 6.00 43.00 49.00 NOTE
r-oldrel-macos-arm64 0.3.0 17.00 NOTE
r-oldrel-windows-x86_64 0.3.0 8.00 46.00 54.00 NOTE

Check Details

Version: 0.3.0
Check: LazyData
Result: NOTE 'LazyData' is specified without a 'data' directory Flavors: r-devel-linux-x86_64-debian-clang, r-devel-linux-x86_64-debian-gcc, r-devel-linux-x86_64-fedora-clang, r-devel-linux-x86_64-fedora-gcc, r-prerel-macos-arm64, r-prerel-windows-x86_64, r-patched-linux-x86_64, r-release-linux-x86_64, r-release-macos-arm64, r-release-macos-x86_64, r-release-windows-x86_64, r-oldrel-macos-arm64, r-oldrel-windows-x86_64

Version: 0.3.0
Check: dependencies in R code
Result: NOTE Namespace in Imports field not imported from: ‘R6’ All declared Imports should be used. Flavors: r-devel-linux-x86_64-fedora-clang, r-devel-linux-x86_64-fedora-gcc