Last updated on 2025-10-11 12:49:37 CEST.
Flavor | Version | Tinstall | Tcheck | Ttotal | Status | Flags |
---|---|---|---|---|---|---|
r-devel-linux-x86_64-debian-clang | 0.3.0 | 6.79 | 23.84 | 30.63 | OK | |
r-devel-linux-x86_64-debian-gcc | 0.3.0 | 4.15 | 19.95 | 24.10 | OK | |
r-devel-linux-x86_64-fedora-clang | 0.3.0 | 43.85 | NOTE | |||
r-devel-linux-x86_64-fedora-gcc | 0.3.0 | 41.80 | NOTE | |||
r-devel-windows-x86_64 | 0.3.0 | 8.00 | 41.00 | 49.00 | OK | |
r-patched-linux-x86_64 | 0.3.0 | 5.56 | 21.77 | 27.33 | OK | |
r-release-linux-x86_64 | 0.3.0 | 6.33 | 21.62 | 27.95 | OK | |
r-release-macos-arm64 | 0.3.0 | 20.00 | OK | |||
r-release-macos-x86_64 | 0.3.0 | 30.00 | OK | |||
r-release-windows-x86_64 | 0.3.0 | 6.00 | 45.00 | 51.00 | OK | |
r-oldrel-macos-arm64 | 0.3.0 | 18.00 | NOTE | |||
r-oldrel-macos-x86_64 | 0.3.0 | 24.00 | NOTE | |||
r-oldrel-windows-x86_64 | 0.3.0 | 6.00 | 46.00 | 52.00 | NOTE |
Version: 0.3.0
Check: dependencies in R code
Result: NOTE
Namespace in Imports field not imported from: ‘R6’
All declared Imports should be used.
Flavors: r-devel-linux-x86_64-fedora-clang, r-devel-linux-x86_64-fedora-gcc
Version: 0.3.0
Check: LazyData
Result: NOTE
'LazyData' is specified without a 'data' directory
Flavors: r-oldrel-macos-arm64, r-oldrel-macos-x86_64, r-oldrel-windows-x86_64