Last updated on 2022-07-05 11:49:59 CEST.
Flavor | Version | Tinstall | Tcheck | Ttotal | Status | Flags |
---|---|---|---|---|---|---|
r-devel-linux-x86_64-debian-clang | 0.1.4 | 1.42 | 21.31 | 22.73 | NOTE | |
r-devel-linux-x86_64-debian-gcc | 0.1.4 | 1.72 | 16.34 | 18.06 | NOTE | |
r-devel-linux-x86_64-fedora-clang | 0.1.4 | 37.81 | NOTE | |||
r-devel-linux-x86_64-fedora-gcc | 0.1.4 | 38.00 | NOTE | |||
r-devel-windows-x86_64 | 0.1.4 | 9.00 | 44.00 | 53.00 | NOTE | |
r-patched-linux-x86_64 | 0.1.4 | 1.43 | 20.52 | 21.95 | NOTE | |
r-release-linux-x86_64 | 0.1.4 | 1.37 | 20.76 | 22.13 | NOTE | |
r-release-macos-arm64 | 0.1.4 | 15.00 | NOTE | |||
r-release-macos-x86_64 | 0.1.4 | 23.00 | NOTE | |||
r-release-windows-x86_64 | 0.1.4 | 10.00 | 45.00 | 55.00 | NOTE | |
r-oldrel-macos-arm64 | 0.1.4 | 18.00 | NOTE | |||
r-oldrel-macos-x86_64 | 0.1.4 | 23.00 | NOTE | |||
r-oldrel-windows-ix86+x86_64 | 0.1.4 | 6.00 | 36.00 | 42.00 | NOTE |
Version: 0.1.4
Check: LazyData
Result: NOTE
'LazyData' is specified without a 'data' directory
Flavors: r-devel-linux-x86_64-debian-clang, r-devel-linux-x86_64-debian-gcc, r-devel-linux-x86_64-fedora-clang, r-devel-linux-x86_64-fedora-gcc, r-devel-windows-x86_64, r-patched-linux-x86_64, r-release-linux-x86_64, r-release-macos-arm64, r-release-macos-x86_64, r-release-windows-x86_64, r-oldrel-macos-arm64, r-oldrel-macos-x86_64, r-oldrel-windows-ix86+x86_64
Version: 0.1.4
Check: dependencies in R code
Result: NOTE
Namespace in Imports field not imported from: ‘dplyr’
All declared Imports should be used.
Flavors: r-devel-linux-x86_64-fedora-clang, r-devel-linux-x86_64-fedora-gcc, r-release-macos-arm64, r-release-macos-x86_64, r-oldrel-macos-arm64, r-oldrel-macos-x86_64