CRAN Package Check Results for Package opencv

Last updated on 2022-07-06 12:53:41 CEST.

Flavor Version Tinstall Tcheck Ttotal Status Flags
r-devel-linux-x86_64-debian-clang 0.2.2 119.93 142.70 262.63 OK
r-devel-linux-x86_64-debian-gcc 0.2.2 93.36 49.05 142.41 OK
r-devel-linux-x86_64-fedora-gcc 0.2.2 277.97 OK
r-devel-windows-x86_64 0.2.2 264.00 154.00 418.00 NOTE
r-patched-linux-x86_64 0.2.2 100.27 65.24 165.51 OK
r-release-linux-x86_64 0.2.2 97.56 62.45 160.01 OK
r-release-macos-arm64 0.2.2 63.00 NOTE
r-release-macos-x86_64 0.2.2 92.00 NOTE
r-release-windows-x86_64 0.2.2 264.00 152.00 416.00 NOTE
r-oldrel-macos-arm64 0.2.2 56.00 NOTE
r-oldrel-macos-x86_64 0.2.2 96.00 NOTE
r-oldrel-windows-ix86+x86_64 0.2.2 325.00 137.00 462.00 NOTE

Check Details

Version: 0.2.2
Check: installed package size
Result: NOTE
     installed size is 23.4Mb
     sub-directories of 1Mb or more:
     libs 13.1Mb
     share 10.2Mb
Flavors: r-devel-windows-x86_64, r-release-macos-arm64, r-release-macos-x86_64, r-release-windows-x86_64, r-oldrel-macos-arm64, r-oldrel-macos-x86_64, r-oldrel-windows-ix86+x86_64