Last updated on 2024-04-19 11:56:54 CEST.
Flavor | Version | Tinstall | Tcheck | Ttotal | Status | Flags |
---|---|---|---|---|---|---|
r-devel-linux-x86_64-debian-clang | 0.4.0 | 150.64 | 75.09 | 225.73 | OK | |
r-devel-linux-x86_64-debian-gcc | 0.4.0 | OK | ||||
r-devel-linux-x86_64-fedora-gcc | 0.4.0 | 302.76 | OK | |||
r-prerel-macos-arm64 | 0.4.0 | 58.00 | NOTE | |||
r-prerel-windows-x86_64 | 0.4.0 | 124.00 | 167.00 | 291.00 | NOTE | |
r-patched-linux-x86_64 | 0.4.0 | 135.38 | 53.09 | 188.47 | OK | |
r-release-linux-x86_64 | 0.4.0 | 131.42 | 51.54 | 182.96 | OK | |
r-release-macos-arm64 | 0.4.0 | 74.00 | NOTE | |||
r-release-macos-x86_64 | 0.4.0 | 92.00 | NOTE | |||
r-release-windows-x86_64 | 0.4.0 | 134.00 | 221.00 | 355.00 | NOTE | |
r-oldrel-macos-arm64 | 0.4.0 | 69.00 | NOTE | |||
r-oldrel-windows-x86_64 | 0.4.0 | 181.00 | 188.00 | 369.00 | NOTE |
Version: 0.4.0
Check: installed package size
Result: NOTE
installed size is 31.2Mb
sub-directories of 1Mb or more:
libs 20.9Mb
share 10.2Mb
Flavors: r-prerel-macos-arm64, r-prerel-windows-x86_64, r-release-macos-arm64, r-release-macos-x86_64, r-release-windows-x86_64, r-oldrel-macos-arm64, r-oldrel-windows-x86_64