Last updated on 2022-06-24 11:52:14 CEST.
Flavor | Version | Tinstall | Tcheck | Ttotal | Status | Flags |
---|---|---|---|---|---|---|
r-devel-linux-x86_64-debian-clang | 0.2.0 | 7.52 | 57.86 | 65.38 | NOTE | |
r-devel-linux-x86_64-debian-gcc | 0.2.0 | 5.46 | 43.67 | 49.13 | NOTE | |
r-devel-linux-x86_64-fedora-clang | 0.2.0 | 86.40 | NOTE | |||
r-devel-linux-x86_64-fedora-gcc | 0.2.0 | 85.59 | NOTE | |||
r-devel-windows-x86_64 | 0.2.0 | 23.00 | 117.00 | 140.00 | NOTE | |
r-patched-linux-x86_64 | 0.2.0 | 5.95 | 55.55 | 61.50 | NOTE | |
r-release-linux-x86_64 | 0.2.0 | 4.84 | 54.41 | 59.25 | NOTE | |
r-release-macos-arm64 | 0.2.0 | 24.00 | NOTE | |||
r-release-macos-x86_64 | 0.2.0 | 44.00 | NOTE | |||
r-release-windows-x86_64 | 0.2.0 | 25.00 | 118.00 | 143.00 | NOTE | |
r-oldrel-macos-arm64 | 0.2.0 | 25.00 | NOTE | |||
r-oldrel-macos-x86_64 | 0.2.0 | 45.00 | NOTE | |||
r-oldrel-windows-ix86+x86_64 | 0.2.0 | 66.00 | 119.00 | 185.00 | NOTE |
Version: 0.2.0
Check: LazyData
Result: NOTE
'LazyData' is specified without a 'data' directory
Flavors: r-devel-linux-x86_64-debian-clang, r-devel-linux-x86_64-debian-gcc, r-devel-linux-x86_64-fedora-clang, r-devel-linux-x86_64-fedora-gcc, r-devel-windows-x86_64, r-patched-linux-x86_64, r-release-linux-x86_64, r-release-macos-arm64, r-release-macos-x86_64, r-release-windows-x86_64, r-oldrel-macos-arm64, r-oldrel-macos-x86_64, r-oldrel-windows-ix86+x86_64