CRAN Package Check Results for Package openNLPdata

Last updated on 2024-02-27 11:49:57 CET.

Flavor Version Tinstall Tcheck Ttotal Status Flags
r-devel-linux-x86_64-debian-clang 1.5.3-4 4.73 27.48 32.21 OK
r-devel-linux-x86_64-debian-gcc 1.5.3-4 3.74 21.33 25.07 OK
r-devel-linux-x86_64-fedora-clang 1.5.3-4 42.84 NOTE
r-devel-linux-x86_64-fedora-gcc 1.5.3-4 40.33 NOTE
r-devel-windows-x86_64 1.5.3-4 4.00 35.00 39.00 NOTE
r-patched-linux-x86_64 1.5.3-4 4.13 27.33 31.46 OK
r-release-linux-x86_64 1.5.3-4 4.61 27.40 32.01 OK
r-release-macos-arm64 1.5.3-4 19.00 NOTE
r-release-macos-x86_64 1.5.3-4 30.00 NOTE
r-release-windows-x86_64 1.5.3-4 5.00 39.00 44.00 NOTE
r-oldrel-macos-arm64 1.5.3-4 17.00 NOTE
r-oldrel-windows-x86_64 1.5.3-4 8.00 41.00 49.00 NOTE

Check Details

Version: 1.5.3-4
Check: installed package size
Result: NOTE installed size is 7.2Mb sub-directories of 1Mb or more: java 1.2Mb models 6.0Mb Flavors: r-devel-linux-x86_64-fedora-clang, r-devel-windows-x86_64, r-release-macos-arm64, r-release-macos-x86_64, r-release-windows-x86_64, r-oldrel-macos-arm64, r-oldrel-windows-x86_64

Version: 1.5.3-4
Check: top-level files
Result: NOTE possible bashism in configure line 52 (test -a/-o): if test ${java_version_maj} -ge 5 || \ test ${java_version_maj} -eq 1 -a ${java_version_min} -ge 5; Flavors: r-devel-linux-x86_64-fedora-clang, r-devel-linux-x86_64-fedora-gcc