Last updated on 2024-04-18 12:52:53 CEST.
Flavor | Version | Tinstall | Tcheck | Ttotal | Status | Flags |
---|---|---|---|---|---|---|
r-devel-linux-x86_64-debian-clang | 0.6.0 | 16.10 | 379.46 | 395.56 | ERROR | |
r-devel-linux-x86_64-debian-gcc | 0.6.1 | 13.15 | 270.35 | 283.50 | OK | |
r-devel-linux-x86_64-fedora-clang | 0.6.1 | 528.94 | OK | |||
r-devel-linux-x86_64-fedora-gcc | 0.6.1 | 483.51 | OK | |||
r-prerel-macos-arm64 | 0.6.1 | 135.00 | OK | |||
r-prerel-macos-x86_64 | 0.6.1 | 357.00 | OK | |||
r-prerel-windows-x86_64 | 0.6.1 | 14.00 | 256.00 | 270.00 | OK | |
r-patched-linux-x86_64 | 0.6.1 | 10.79 | 356.83 | 367.62 | OK | |
r-release-linux-x86_64 | 0.6.0 | 10.96 | 364.23 | 375.19 | ERROR | |
r-release-macos-arm64 | 0.6.1 | 145.00 | OK | |||
r-release-macos-x86_64 | 0.6.1 | 386.00 | OK | |||
r-release-windows-x86_64 | 0.6.1 | 14.00 | 264.00 | 278.00 | OK | |
r-oldrel-macos-arm64 | 0.6.1 | 126.00 | OK | |||
r-oldrel-windows-x86_64 | 0.6.1 | 16.00 | 294.00 | 310.00 | OK |
Version: 0.6.0
Check: re-building of vignette outputs
Result: ERROR
Error(s) in re-building vignettes:
...
--- re-building ‘btm.Rmd’ using rmarkdown
--- finished re-building ‘btm.Rmd’
--- re-building ‘deploy.Rmd’ using rmarkdown
--- finished re-building ‘deploy.Rmd’
--- re-building ‘overview.Rmd’ using rmarkdown
Quitting from lines at lines 329-336 [unnamed-chunk-16] (overview.Rmd)
Error: processing vignette 'overview.Rmd' failed with diagnostics:
`dfm.corpus()` was deprecated in quanteda 3.0 and is now defunct.
ℹ Please use `dfm(tokens(x))` instead.
--- failed re-building ‘overview.Rmd’
SUMMARY: processing the following file failed:
‘overview.Rmd’
Error: Vignette re-building failed.
Execution halted
Flavors: r-devel-linux-x86_64-debian-clang, r-release-linux-x86_64