Last updated on 2022-07-02 12:53:09 CEST.
Flavor | Version | Tinstall | Tcheck | Ttotal | Status | Flags |
---|---|---|---|---|---|---|
r-devel-linux-x86_64-debian-clang | 1.0.0 | 8.83 | 79.98 | 88.81 | OK | |
r-devel-linux-x86_64-debian-gcc | 1.0.0 | 7.14 | 59.66 | 66.80 | OK | |
r-devel-linux-x86_64-fedora-clang | 1.0.0 | 114.95 | NOTE | |||
r-devel-linux-x86_64-fedora-gcc | 1.0.0 | 112.20 | NOTE | |||
r-devel-windows-x86_64 | 1.0.0 | 20.00 | 93.00 | 113.00 | OK | |
r-patched-linux-x86_64 | 1.0.0 | 8.59 | 75.49 | 84.08 | OK | |
r-release-linux-x86_64 | 1.0.0 | 7.20 | 76.89 | 84.09 | OK | |
r-release-macos-arm64 | 1.0.0 | 27.00 | NOTE | |||
r-release-macos-x86_64 | 1.0.0 | 57.00 | NOTE | |||
r-release-windows-x86_64 | 1.0.0 | 27.00 | 105.00 | 132.00 | OK | |
r-oldrel-macos-arm64 | 1.0.0 | 35.00 | NOTE | |||
r-oldrel-macos-x86_64 | 1.0.0 | 46.00 | NOTE | |||
r-oldrel-windows-ix86+x86_64 | 1.0.0 | 22.00 | 97.00 | 119.00 | OK |
Version: 1.0.0
Check: data for non-ASCII characters
Result: NOTE
Note: found 34 marked UTF-8 strings
Flavors: r-devel-linux-x86_64-fedora-clang, r-devel-linux-x86_64-fedora-gcc, r-release-macos-arm64, r-release-macos-x86_64, r-oldrel-macos-arm64, r-oldrel-macos-x86_64