Last updated on 2025-11-16 12:49:38 CET.
| Flavor | Version | Tinstall | Tcheck | Ttotal | Status | Flags |
|---|---|---|---|---|---|---|
| r-devel-linux-x86_64-debian-clang | 0.3.2 | 1.70 | 22.77 | 24.47 | OK | |
| r-devel-linux-x86_64-debian-gcc | 0.3.2 | 1.30 | 18.91 | 20.21 | NOTE | |
| r-devel-linux-x86_64-fedora-clang | 0.3.2 | 34.64 | OK | |||
| r-devel-linux-x86_64-fedora-gcc | 0.3.2 | 35.35 | OK | |||
| r-devel-windows-x86_64 | 0.3.2 | 5.00 | 40.00 | 45.00 | OK | |
| r-patched-linux-x86_64 | 0.3.2 | 1.30 | 20.61 | 21.91 | OK | |
| r-release-linux-x86_64 | 0.3.2 | 1.46 | 20.62 | 22.08 | OK | |
| r-release-macos-arm64 | 0.3.2 | 1.00 | 15.00 | 16.00 | OK | |
| r-release-macos-x86_64 | 0.3.2 | 1.00 | 23.00 | 24.00 | OK | |
| r-release-windows-x86_64 | 0.3.2 | 3.00 | 40.00 | 43.00 | OK | |
| r-oldrel-macos-arm64 | 0.3.2 | 1.00 | 15.00 | 16.00 | OK | |
| r-oldrel-macos-x86_64 | 0.3.2 | 1.00 | 19.00 | 20.00 | OK | |
| r-oldrel-windows-x86_64 | 0.3.2 | 4.00 | 48.00 | 52.00 | OK |
Version: 0.3.2
Check: CRAN incoming feasibility
Result: NOTE
Maintainer: ‘Pedro Augusto Borges Santos <pabsantos21@gmail.com>’
The BugReports field in DESCRIPTION has
https://github.com/pabsantos/onsvplot/issues/
which should likely be
https://github.com/pabsantos/onsvplot/issues/issues
instead.
Flavor: r-devel-linux-x86_64-debian-gcc