CRAN Package Check Results for Package onlineforecast

Last updated on 2024-02-21 11:01:16 CET.

Flavor Version Tinstall Tcheck Ttotal Status Flags
r-devel-linux-x86_64-debian-clang 1.0.2 OK
r-devel-linux-x86_64-debian-gcc 1.0.2 40.51 288.49 329.00 OK
r-devel-linux-x86_64-fedora-clang 1.0.2 565.28 OK
r-devel-linux-x86_64-fedora-gcc 1.0.2 566.23 OK
r-devel-windows-x86_64 1.0.2 42.00 397.00 439.00 OK
r-patched-linux-x86_64 1.0.2 48.80 393.42 442.22 OK
r-release-linux-x86_64 1.0.2 56.28 388.77 445.05 OK
r-release-macos-arm64 1.0.2 157.00 NOTE
r-release-macos-x86_64 1.0.2 418.00 NOTE
r-release-windows-x86_64 1.0.2 54.00 474.00 528.00 OK
r-oldrel-macos-arm64 1.0.2 122.00 NOTE
r-oldrel-windows-x86_64 1.0.2 54.00 494.00 548.00 OK

Check Details

Version: 1.0.2
Check: installed package size
Result: NOTE installed size is 5.5Mb sub-directories of 1Mb or more: doc 3.2Mb libs 1.6Mb Flavors: r-release-macos-arm64, r-release-macos-x86_64, r-oldrel-macos-arm64