CRAN Package Check Results for Package onemapsgapi

Last updated on 2022-06-27 11:50:49 CEST.

Flavor Version Tinstall Tcheck Ttotal Status Flags
r-devel-linux-x86_64-debian-clang 1.0.0 5.80 63.44 69.24 NOTE
r-devel-linux-x86_64-debian-gcc 1.0.0 5.62 46.25 51.87 NOTE
r-devel-linux-x86_64-fedora-clang 1.0.0 91.31 NOTE
r-devel-linux-x86_64-fedora-gcc 1.0.0 88.83 NOTE
r-devel-windows-x86_64 1.0.0 22.00 88.00 110.00 NOTE
r-patched-linux-x86_64 1.0.0 6.62 60.01 66.63 NOTE
r-release-linux-x86_64 1.0.0 7.04 58.51 65.55 NOTE
r-release-macos-arm64 1.0.0 27.00 NOTE
r-release-macos-x86_64 1.0.0 43.00 NOTE
r-release-windows-x86_64 1.0.0 36.00 90.00 126.00 NOTE
r-oldrel-macos-arm64 1.0.0 30.00 NOTE
r-oldrel-macos-x86_64 1.0.0 37.00 NOTE
r-oldrel-windows-ix86+x86_64 1.0.0 16.00 80.00 96.00 NOTE

Check Details

Version: 1.0.0
Check: LazyData
Result: NOTE
     'LazyData' is specified without a 'data' directory
Flavors: r-devel-linux-x86_64-debian-clang, r-devel-linux-x86_64-debian-gcc, r-devel-linux-x86_64-fedora-clang, r-devel-linux-x86_64-fedora-gcc, r-devel-windows-x86_64, r-patched-linux-x86_64, r-release-linux-x86_64, r-release-macos-arm64, r-release-macos-x86_64, r-release-windows-x86_64, r-oldrel-macos-arm64, r-oldrel-macos-x86_64, r-oldrel-windows-ix86+x86_64