Last updated on 2022-07-03 11:53:44 CEST.
Flavor | Version | Tinstall | Tcheck | Ttotal | Status | Flags |
---|---|---|---|---|---|---|
r-devel-linux-x86_64-debian-clang | 2.8.2 | 95.37 | 221.94 | 317.31 | OK | --no-vignettes |
r-devel-linux-x86_64-debian-gcc | 2.8.2 | 61.07 | 162.60 | 223.67 | OK | --no-vignettes |
r-devel-linux-x86_64-fedora-clang | 2.8.2 | 661.24 | WARN | |||
r-devel-linux-x86_64-fedora-gcc | 2.8.2 | 634.96 | WARN | |||
r-devel-windows-x86_64 | 2.8.2 | 119.00 | 524.00 | 643.00 | OK | |
r-patched-linux-x86_64 | 2.8.2 | 88.30 | 210.25 | 298.55 | OK | --no-vignettes |
r-release-linux-x86_64 | 2.8.2 | 79.00 | 209.89 | 288.89 | OK | --no-vignettes |
r-release-macos-arm64 | 2.8.2 | 208.00 | NOTE | |||
r-release-macos-x86_64 | 2.8.2 | 347.00 | NOTE | |||
r-release-windows-x86_64 | 2.8.2 | 103.00 | 538.00 | 641.00 | OK | |
r-oldrel-macos-arm64 | 2.8.2 | 140.00 | NOTE | |||
r-oldrel-macos-x86_64 | 2.8.2 | 247.00 | NOTE | |||
r-oldrel-windows-ix86+x86_64 | 2.8.2 | 240.00 | 466.00 | 706.00 | OK |
Version: 2.8.2
Check: package dependencies
Result: WARN
Requires (indirectly) orphaned package: ‘gtools’
Flavors: r-devel-linux-x86_64-fedora-clang, r-devel-linux-x86_64-fedora-gcc
Version: 2.8.2
Check: dependencies in R code
Result: NOTE
Namespace in Imports field not imported from: ‘stringi’
All declared Imports should be used.
Flavors: r-devel-linux-x86_64-fedora-clang, r-devel-linux-x86_64-fedora-gcc, r-release-macos-arm64, r-release-macos-x86_64, r-oldrel-macos-arm64, r-oldrel-macos-x86_64
Version: 2.8.2
Check: installed package size
Result: NOTE
installed size is 5.0Mb
sub-directories of 1Mb or more:
doc 1.4Mb
libs 2.5Mb
Flavor: r-oldrel-macos-arm64