Last updated on 2024-08-31 11:49:35 CEST.
Flavor | Version | Tinstall | Tcheck | Ttotal | Status | Flags |
---|---|---|---|---|---|---|
r-devel-linux-x86_64-debian-clang | 0.2.0 | 3.52 | 32.10 | 35.62 | NOTE | |
r-devel-linux-x86_64-debian-gcc | 0.2.0 | 2.26 | 24.61 | 26.87 | NOTE | |
r-devel-linux-x86_64-fedora-clang | 0.2.0 | 57.58 | NOTE | |||
r-devel-linux-x86_64-fedora-gcc | 0.2.0 | 54.62 | NOTE | |||
r-devel-windows-x86_64 | 0.2.0 | 6.00 | 56.00 | 62.00 | NOTE | |
r-patched-linux-x86_64 | 0.2.0 | 3.55 | 31.03 | 34.58 | NOTE | |
r-release-linux-x86_64 | 0.2.0 | 3.52 | 29.96 | 33.48 | NOTE | |
r-release-macos-arm64 | 0.2.0 | 22.00 | NOTE | |||
r-release-macos-x86_64 | 0.2.0 | 29.00 | NOTE | |||
r-release-windows-x86_64 | 0.2.0 | 6.00 | 58.00 | 64.00 | NOTE | |
r-oldrel-macos-arm64 | 0.2.0 | 24.00 | NOTE | |||
r-oldrel-macos-x86_64 | 0.2.0 | 30.00 | NOTE | |||
r-oldrel-windows-x86_64 | 0.2.0 | 7.00 | 58.00 | 65.00 | NOTE |
Version: 0.2.0
Check: LazyData
Result: NOTE
'LazyData' is specified without a 'data' directory
Flavors: r-devel-linux-x86_64-debian-clang, r-devel-linux-x86_64-debian-gcc, r-devel-linux-x86_64-fedora-clang, r-devel-linux-x86_64-fedora-gcc, r-devel-windows-x86_64, r-patched-linux-x86_64, r-release-linux-x86_64, r-release-macos-arm64, r-release-macos-x86_64, r-release-windows-x86_64, r-oldrel-macos-arm64, r-oldrel-macos-x86_64, r-oldrel-windows-x86_64
Version: 0.2.0
Check: package dependencies
Result: NOTE
Imports includes 21 non-default packages.
Importing from so many packages makes the package vulnerable to any of
them becoming unavailable. Move as many as possible to Suggests and
use conditionally.
Flavor: r-devel-linux-x86_64-fedora-clang
Version: 0.2.0
Check: dependencies in R code
Result: NOTE
Namespaces in Imports field not imported from:
‘e1071’ ‘fs’ ‘pdp’
All declared Imports should be used.
Flavors: r-devel-linux-x86_64-fedora-clang, r-devel-linux-x86_64-fedora-gcc