CRAN Package Check Results for Package onbabynames

Last updated on 2023-09-26 13:08:38 CEST.

Flavor Version Tinstall Tcheck Ttotal Status Flags
r-devel-linux-x86_64-debian-clang 0.0.1 4.78 37.79 42.57 OK
r-devel-linux-x86_64-debian-gcc 0.0.1 3.18 28.86 32.04 OK
r-devel-linux-x86_64-fedora-clang 0.0.1 53.57 NOTE
r-devel-linux-x86_64-fedora-gcc 0.0.1 50.38 NOTE
r-devel-windows-x86_64 0.0.1 7.00 49.00 56.00 OK
r-patched-linux-x86_64 0.0.1 4.03 37.19 41.22 OK
r-release-linux-x86_64 0.0.1 5.29 36.03 41.32 OK
r-release-macos-arm64 0.0.1 19.00 OK
r-release-macos-x86_64 0.0.1 28.00 OK
r-release-windows-x86_64 0.0.1 7.00 52.00 59.00 OK
r-oldrel-macos-arm64 0.0.1 17.00 NOTE
r-oldrel-macos-x86_64 0.0.1 29.00 NOTE
r-oldrel-windows-x86_64 0.0.1 7.00 54.00 61.00 OK

Check Details

Version: 0.0.1
Check: data for non-ASCII characters
Result: NOTE
     Note: found 842 marked UTF-8 strings
Flavors: r-devel-linux-x86_64-fedora-clang, r-devel-linux-x86_64-fedora-gcc, r-oldrel-macos-arm64, r-oldrel-macos-x86_64