CRAN Package Check Results for Package omsvg

Last updated on 2022-06-25 10:53:09 CEST.

Flavor Version Tinstall Tcheck Ttotal Status Flags
r-devel-linux-x86_64-debian-clang 0.1.0 9.97 39.31 49.28 NOTE
r-devel-linux-x86_64-debian-gcc 0.1.0 8.26 30.61 38.87 NOTE
r-devel-linux-x86_64-fedora-clang 0.1.0 72.19 NOTE
r-devel-linux-x86_64-fedora-gcc 0.1.0 71.29 NOTE
r-devel-windows-x86_64 0.1.0 30.00 66.00 96.00 NOTE
r-patched-linux-x86_64 0.1.0 11.55 38.34 49.89 NOTE
r-release-linux-x86_64 0.1.0 10.78 37.95 48.73 NOTE
r-release-macos-arm64 0.1.0 25.00 NOTE
r-release-macos-x86_64 0.1.0 41.00 NOTE
r-release-windows-x86_64 0.1.0 32.00 67.00 99.00 NOTE
r-oldrel-macos-arm64 0.1.0 29.00 NOTE
r-oldrel-macos-x86_64 0.1.0 43.00 NOTE
r-oldrel-windows-ix86+x86_64 0.1.0 18.00 58.00 76.00 NOTE

Check Details

Version: 0.1.0
Check: LazyData
Result: NOTE
     'LazyData' is specified without a 'data' directory
Flavors: r-devel-linux-x86_64-debian-clang, r-devel-linux-x86_64-debian-gcc, r-devel-linux-x86_64-fedora-clang, r-devel-linux-x86_64-fedora-gcc, r-devel-windows-x86_64, r-patched-linux-x86_64, r-release-linux-x86_64, r-release-macos-arm64, r-release-macos-x86_64, r-release-windows-x86_64, r-oldrel-macos-arm64, r-oldrel-macos-x86_64, r-oldrel-windows-ix86+x86_64

Version: 0.1.0
Check: dependencies in R code
Result: NOTE
    Namespace in Imports field not imported from: ‘gt’
     All declared Imports should be used.
Flavors: r-devel-linux-x86_64-fedora-clang, r-devel-linux-x86_64-fedora-gcc, r-release-macos-arm64, r-release-macos-x86_64, r-oldrel-macos-arm64, r-oldrel-macos-x86_64