CRAN Package Check Results for Package olctools

Last updated on 2022-07-02 12:53:09 CEST.

Flavor Version Tinstall Tcheck Ttotal Status Flags
r-devel-linux-x86_64-debian-clang 0.3.0 38.20 32.49 70.69 OK
r-devel-linux-x86_64-debian-gcc 0.3.0 29.96 24.97 54.93 OK
r-devel-linux-x86_64-fedora-clang 0.3.0 120.21 NOTE
r-devel-linux-x86_64-fedora-gcc 0.3.0 104.21 NOTE
r-devel-windows-x86_64 0.3.0 47.00 77.00 124.00 OK
r-patched-linux-x86_64 0.3.0 33.98 31.06 65.04 OK
r-release-linux-x86_64 0.3.0 35.53 31.16 66.69 OK
r-release-macos-arm64 0.3.0 30.00 OK
r-release-macos-x86_64 0.3.0 40.00 OK
r-release-windows-x86_64 0.3.0 98.00 80.00 178.00 OK
r-oldrel-macos-arm64 0.3.0 35.00 OK
r-oldrel-macos-x86_64 0.3.0 45.00 OK
r-oldrel-windows-ix86+x86_64 0.3.0 105.00 76.00 181.00 OK

Check Details

Version: 0.3.0
Check: compiled code
Result: NOTE
    File ‘olctools/libs/olctools.so’:
     Found no calls to: ‘R_registerRoutines’, ‘R_useDynamicSymbols’
    
    It is good practice to register native routines and to disable symbol
    search.
    
    See ‘Writing portable packages’ in the ‘Writing R Extensions’ manual.
Flavors: r-devel-linux-x86_64-fedora-clang, r-devel-linux-x86_64-fedora-gcc