CRAN Package Check Results for Package oglmx

Last updated on 2024-04-16 11:55:25 CEST.

Flavor Version Tinstall Tcheck Ttotal Status Flags
r-devel-linux-x86_64-debian-clang 3.0.0.0 7.10 56.23 63.33 NOTE
r-devel-linux-x86_64-debian-gcc 3.0.0.0 4.03 41.82 45.85 NOTE
r-devel-linux-x86_64-fedora-clang 3.0.0.0 77.65 NOTE
r-devel-linux-x86_64-fedora-gcc 3.0.0.0 87.13 NOTE
r-prerel-macos-arm64 3.0.0.0 31.00 NOTE
r-prerel-windows-x86_64 3.0.0.0 6.00 81.00 87.00 NOTE
r-patched-linux-x86_64 3.0.0.0 7.56 52.99 60.55 NOTE
r-release-linux-x86_64 3.0.0.0 5.12 53.33 58.45 OK
r-release-macos-arm64 3.0.0.0 35.00 OK
r-release-macos-x86_64 3.0.0.0 51.00 OK
r-release-windows-x86_64 3.0.0.0 8.00 81.00 89.00 OK
r-oldrel-macos-arm64 3.0.0.0 27.00 OK
r-oldrel-windows-x86_64 3.0.0.0 8.00 82.00 90.00 OK

Check Details

Version: 3.0.0.0
Check: Rd files
Result: NOTE checkRd: (-1) formula.oglmx.Rd:49: Lost braces 49 | \code{\link{oglmx}}, code{\link[lmtest]{lrtest}}, code{\link{formula}}. | ^ checkRd: (-1) formula.oglmx.Rd:49: Lost braces 49 | \code{\link{oglmx}}, code{\link[lmtest]{lrtest}}, code{\link{formula}}. | ^ Flavors: r-devel-linux-x86_64-debian-clang, r-devel-linux-x86_64-debian-gcc, r-devel-linux-x86_64-fedora-clang, r-devel-linux-x86_64-fedora-gcc, r-prerel-macos-arm64, r-prerel-windows-x86_64, r-patched-linux-x86_64