Last updated on 2024-04-23 10:54:10 CEST.
Flavor | Version | Tinstall | Tcheck | Ttotal | Status | Flags |
---|---|---|---|---|---|---|
r-devel-linux-x86_64-debian-clang | 1.0.0 | 11.32 | 26.46 | 37.78 | OK | |
r-devel-linux-x86_64-debian-gcc | 1.0.0 | 10.64 | 20.47 | 31.11 | OK | |
r-devel-linux-x86_64-fedora-clang | 1.0.0 | 49.51 | OK | |||
r-devel-linux-x86_64-fedora-gcc | 1.0.0 | 49.39 | OK | |||
r-prerel-macos-arm64 | 1.0.0 | 22.00 | NOTE | |||
r-prerel-windows-x86_64 | 1.0.0 | 11.00 | 36.00 | 47.00 | OK | |
r-patched-linux-x86_64 | 1.0.0 | 11.63 | 25.17 | 36.80 | OK | |
r-release-linux-x86_64 | 1.0.0 | 13.21 | 24.14 | 37.35 | OK | |
r-release-macos-arm64 | 1.0.0 | 23.00 | NOTE | |||
r-release-macos-x86_64 | 1.0.0 | 34.00 | NOTE | |||
r-release-windows-x86_64 | 1.0.0 | 12.00 | 37.00 | 49.00 | OK | |
r-oldrel-macos-arm64 | 1.0.0 | 25.00 | NOTE | |||
r-oldrel-windows-x86_64 | 1.0.0 | 17.00 | 44.00 | 61.00 | OK |
Version: 1.0.0
Check: installed package size
Result: NOTE
installed size is 5.3Mb
sub-directories of 1Mb or more:
data 5.2Mb
Flavors: r-prerel-macos-arm64, r-release-macos-arm64, r-release-macos-x86_64, r-oldrel-macos-arm64