Last updated on 2025-04-29 12:52:43 CEST.
Flavor | Version | Tinstall | Tcheck | Ttotal | Status | Flags |
---|---|---|---|---|---|---|
r-devel-linux-x86_64-debian-clang | 1.0.0 | 13.33 | 21.21 | 34.54 | NOTE | |
r-devel-linux-x86_64-debian-gcc | 1.0.0 | 9.48 | 17.39 | 26.87 | NOTE | |
r-devel-linux-x86_64-fedora-clang | 1.0.0 | 51.07 | OK | |||
r-devel-linux-x86_64-fedora-gcc | 1.0.0 | 51.54 | OK | |||
r-devel-windows-x86_64 | 1.0.0 | 12.00 | 37.00 | 49.00 | OK | |
r-patched-linux-x86_64 | 1.0.0 | 12.17 | 20.87 | 33.04 | OK | |
r-release-linux-x86_64 | 1.0.0 | 12.40 | 20.72 | 33.12 | OK | |
r-release-macos-arm64 | 1.0.0 | 26.00 | OK | |||
r-release-macos-x86_64 | 1.0.0 | 43.00 | OK | |||
r-release-windows-x86_64 | 1.0.0 | 11.00 | 40.00 | 51.00 | OK | |
r-oldrel-macos-arm64 | 1.0.0 | 24.00 | NOTE | |||
r-oldrel-macos-x86_64 | 1.0.0 | 33.00 | NOTE | |||
r-oldrel-windows-x86_64 | 1.0.0 | 11.00 | 36.00 | 47.00 | OK |
Version: 1.0.0
Check: CRAN incoming feasibility
Result: NOTE
Maintainer: ‘Christopher Mann <cmann3@unl.edu>’
No Authors@R field in DESCRIPTION.
Please add one, modifying
Authors@R: person(given = "Christopher",
family = "Mann",
role = c("aut", "cre"),
email = "cmann3@unl.edu")
as necessary.
Flavors: r-devel-linux-x86_64-debian-clang, r-devel-linux-x86_64-debian-gcc
Version: 1.0.0
Check: installed package size
Result: NOTE
installed size is 5.4Mb
sub-directories of 1Mb or more:
data 5.3Mb
Flavors: r-oldrel-macos-arm64, r-oldrel-macos-x86_64