Last updated on 2024-04-23 10:54:10 CEST.
Flavor | Version | Tinstall | Tcheck | Ttotal | Status | Flags |
---|---|---|---|---|---|---|
r-devel-linux-x86_64-debian-clang | 0.2-3 | 6.93 | 37.63 | 44.56 | NOTE | |
r-devel-linux-x86_64-debian-gcc | 0.2-3 | 6.90 | 28.56 | 35.46 | NOTE | |
r-devel-linux-x86_64-fedora-clang | 0.2-3 | 63.29 | NOTE | |||
r-devel-linux-x86_64-fedora-gcc | 0.2-3 | 59.66 | NOTE | |||
r-prerel-macos-arm64 | 0.2-3 | 22.00 | NOTE | |||
r-prerel-windows-x86_64 | 0.2-3 | 8.00 | 49.00 | 57.00 | NOTE | |
r-patched-linux-x86_64 | 0.2-3 | 13.78 | 36.18 | 49.96 | NOTE | |
r-release-linux-x86_64 | 0.2-3 | 7.45 | 36.47 | 43.92 | OK | |
r-release-macos-arm64 | 0.2-3 | 23.00 | OK | |||
r-release-macos-x86_64 | 0.2-3 | 28.00 | OK | |||
r-release-windows-x86_64 | 0.2-3 | 11.00 | 51.00 | 62.00 | OK | |
r-oldrel-macos-arm64 | 0.2-3 | 17.00 | OK | |||
r-oldrel-windows-x86_64 | 0.2-3 | 11.00 | 55.00 | 66.00 | OK |
Version: 0.2-3
Check: Rd files
Result: NOTE
checkRd: (-1) ocsApiUserProvisioningManager.Rd:87: Lost braces
87 | \item{code{addToGroup(userid, groupid)}}{
| ^
Flavors: r-devel-linux-x86_64-debian-clang, r-devel-linux-x86_64-debian-gcc, r-devel-linux-x86_64-fedora-clang, r-devel-linux-x86_64-fedora-gcc, r-prerel-macos-arm64, r-prerel-windows-x86_64, r-patched-linux-x86_64