Last updated on 2024-04-19 11:56:54 CEST.
Flavor | Version | Tinstall | Tcheck | Ttotal | Status | Flags |
---|---|---|---|---|---|---|
r-devel-linux-x86_64-debian-clang | 0.1.6 | 8.90 | 79.13 | 88.03 | OK | |
r-devel-linux-x86_64-debian-gcc | 0.1.6 | OK | ||||
r-devel-linux-x86_64-fedora-clang | 0.1.6 | 111.28 | NOTE | |||
r-devel-linux-x86_64-fedora-gcc | 0.1.6 | 103.73 | NOTE | |||
r-prerel-macos-arm64 | 0.1.6 | 35.00 | OK | |||
r-prerel-windows-x86_64 | 0.1.6 | 9.00 | 77.00 | 86.00 | OK | |
r-patched-linux-x86_64 | 0.1.6 | 6.58 | 76.79 | 83.37 | OK | |
r-release-linux-x86_64 | 0.1.6 | 7.08 | 77.54 | 84.62 | OK | |
r-release-macos-arm64 | 0.1.6 | 34.00 | OK | |||
r-release-macos-x86_64 | 0.1.6 | 70.00 | OK | |||
r-release-windows-x86_64 | 0.1.6 | 12.00 | 87.00 | 99.00 | OK | |
r-oldrel-macos-arm64 | 0.1.6 | 35.00 | OK | |||
r-oldrel-windows-x86_64 | 0.1.6 | 14.00 | 94.00 | 108.00 | OK |
Version: 0.1.6
Check: data for non-ASCII characters
Result: NOTE
Note: found 1242 marked UTF-8 strings
Flavors: r-devel-linux-x86_64-fedora-clang, r-devel-linux-x86_64-fedora-gcc