Last updated on 2025-04-29 12:52:43 CEST.
Flavor | Version | Tinstall | Tcheck | Ttotal | Status | Flags |
---|---|---|---|---|---|---|
r-devel-linux-x86_64-debian-clang | 1.1 | 2.46 | 31.33 | 33.79 | NOTE | |
r-devel-linux-x86_64-debian-gcc | 1.1 | 1.85 | 24.77 | 26.62 | NOTE | |
r-devel-linux-x86_64-fedora-clang | 1.1 | 49.23 | NOTE | |||
r-devel-linux-x86_64-fedora-gcc | 1.1 | 47.31 | NOTE | |||
r-devel-windows-x86_64 | 1.1 | 3.00 | 58.00 | 61.00 | NOTE | |
r-patched-linux-x86_64 | 1.1 | 2.99 | 28.74 | 31.73 | NOTE | |
r-release-linux-x86_64 | 1.1 | 2.19 | 28.47 | 30.66 | NOTE | |
r-release-macos-arm64 | 1.1 | 18.00 | NOTE | |||
r-release-macos-x86_64 | 1.1 | 42.00 | NOTE | |||
r-release-windows-x86_64 | 1.1 | 4.00 | 65.00 | 69.00 | NOTE | |
r-oldrel-macos-arm64 | 1.1 | 19.00 | NOTE | |||
r-oldrel-macos-x86_64 | 1.1 | 28.00 | NOTE | |||
r-oldrel-windows-x86_64 | 1.1 | 3.00 | 57.00 | 60.00 | NOTE |
Version: 1.1
Check: CRAN incoming feasibility
Result: NOTE
Maintainer: ‘Yudong Chen <yudong.chen@statslab.cam.ac.uk>’
No Authors@R field in DESCRIPTION.
Please add one, modifying
Authors@R: c(person(given = "Yudong",
family = "Chen",
role = c("aut", "cre"),
email = "yudong.chen@statslab.cam.ac.uk"),
person(given = "Tengyao",
family = "Wang",
role = "aut"),
person(given = c("Richard", "J."),
family = "Samworth",
role = "aut"))
as necessary.
The Description field contains
<arxiv:2003.03668> for online detection of sudden mean changes in a
Please refer to arXiv e-prints via their arXiv DOI <doi:10.48550/arXiv.YYMM.NNNNN>.
Flavors: r-devel-linux-x86_64-debian-clang, r-devel-linux-x86_64-debian-gcc
Version: 1.1
Check: Rd files
Result: NOTE
checkRd: (-1) ChangepointDetector.Rd:93: Lost braces; missing escapes or markup?
93 | \code{'sparse'}, then only (S^{diag}, S^{off,d})
| ^
checkRd: (-1) ChangepointDetector.Rd:93: Lost braces; missing escapes or markup?
93 | \code{'sparse'}, then only (S^{diag}, S^{off,d})
| ^
checkRd: (-1) ChangepointDetector.Rd:94: Lost braces; missing escapes or markup?
94 | and (S^{diag}, S^{off,s}) are included in \code{stat} respectively.);
| ^
checkRd: (-1) ChangepointDetector.Rd:94: Lost braces; missing escapes or markup?
94 | and (S^{diag}, S^{off,s}) are included in \code{stat} respectively.);
| ^
Flavors: r-devel-linux-x86_64-debian-clang, r-devel-linux-x86_64-debian-gcc, r-devel-linux-x86_64-fedora-clang, r-devel-linux-x86_64-fedora-gcc, r-devel-windows-x86_64, r-patched-linux-x86_64, r-release-linux-x86_64, r-release-macos-arm64, r-release-macos-x86_64, r-release-windows-x86_64, r-oldrel-macos-arm64, r-oldrel-macos-x86_64, r-oldrel-windows-x86_64