Last updated on 2024-03-27 10:09:33 CET.
Flavor | Version | Tinstall | Tcheck | Ttotal | Status | Flags |
---|---|---|---|---|---|---|
r-devel-linux-x86_64-debian-clang | 0.3.2 | 11.47 | 91.22 | 102.69 | OK | |
r-devel-linux-x86_64-debian-gcc | 0.3.2 | 8.64 | 69.87 | 78.51 | OK | |
r-devel-linux-x86_64-fedora-clang | 0.3.2 | 136.40 | NOTE | |||
r-devel-linux-x86_64-fedora-gcc | 0.3.2 | 147.87 | NOTE | |||
r-devel-windows-x86_64 | 0.3.2 | 12.00 | 104.00 | 116.00 | OK | |
r-patched-linux-x86_64 | 0.3.2 | 12.60 | 86.17 | 98.77 | OK | |
r-release-linux-x86_64 | 0.3.2 | 10.84 | 87.76 | 98.60 | OK | |
r-release-macos-arm64 | 0.3.2 | 71.00 | OK | |||
r-release-macos-x86_64 | 0.3.2 | 156.00 | OK | |||
r-release-windows-x86_64 | 0.3.2 | 18.00 | 116.00 | 134.00 | OK | |
r-oldrel-macos-arm64 | 0.3.2 | 67.00 | OK | |||
r-oldrel-windows-x86_64 | 0.3.2 | 17.00 | 126.00 | 143.00 | OK |
Version: 0.3.2
Check: data for non-ASCII characters
Result: NOTE
Note: found 6986 marked UTF-8 strings
Flavors: r-devel-linux-x86_64-fedora-clang, r-devel-linux-x86_64-fedora-gcc