CRAN Package Check Results for Package observer

Last updated on 2022-06-26 11:52:38 CEST.

Flavor Version Tinstall Tcheck Ttotal Status Flags
r-devel-linux-x86_64-debian-clang 0.1.2 5.41 57.82 63.23 NOTE
r-devel-linux-x86_64-debian-gcc 0.1.2 4.40 43.48 47.88 NOTE
r-devel-linux-x86_64-fedora-clang 0.1.2 85.55 NOTE
r-devel-linux-x86_64-fedora-gcc 0.1.2 83.54 NOTE
r-devel-windows-x86_64 0.1.2 20.00 82.00 102.00 NOTE
r-patched-linux-x86_64 0.1.2 5.72 53.38 59.10 NOTE
r-release-linux-x86_64 0.1.2 4.49 53.28 57.77 NOTE
r-release-macos-arm64 0.1.2 27.00 NOTE
r-release-macos-x86_64 0.1.2 49.00 NOTE
r-release-windows-x86_64 0.1.2 23.00 85.00 108.00 NOTE
r-oldrel-macos-arm64 0.1.2 31.00 NOTE
r-oldrel-macos-x86_64 0.1.2 44.00 NOTE
r-oldrel-windows-ix86+x86_64 0.1.2 14.00 72.00 86.00 NOTE

Check Details

Version: 0.1.2
Check: LazyData
Result: NOTE
     'LazyData' is specified without a 'data' directory
Flavors: r-devel-linux-x86_64-debian-clang, r-devel-linux-x86_64-debian-gcc, r-devel-linux-x86_64-fedora-clang, r-devel-linux-x86_64-fedora-gcc, r-devel-windows-x86_64, r-patched-linux-x86_64, r-release-linux-x86_64, r-release-macos-arm64, r-release-macos-x86_64, r-release-windows-x86_64, r-oldrel-macos-arm64, r-oldrel-macos-x86_64, r-oldrel-windows-ix86+x86_64

Version: 0.1.2
Check: Rd cross-references
Result: NOTE
    Undeclared packages ‘ensurer’, ‘validate’ in Rd xrefs
Flavor: r-devel-linux-x86_64-fedora-clang